{"id":2493,"date":"2009-06-01T08:00:25","date_gmt":"2009-06-01T08:00:25","guid":{"rendered":"http:\/\/dev.pongrac.hu\/?post_type=product&#038;p=2493"},"modified":"2025-02-21T17:18:45","modified_gmt":"2025-02-21T16:18:45","slug":"skellig-szarnyak-es-titkok","status":"publish","type":"product","link":"https:\/\/pongrac.hu\/?product=skellig-szarnyak-es-titkok","title":{"rendered":"Skellig \u2013 Sz\u00e1rnyak \u00e9s titkok"},"content":{"rendered":"<p>Michael sz\u00fcleivel \u00e9s s\u00falyosan beteg kish\u00fag\u00e1val egy kertv\u00e1rosi h\u00e1zba k\u00f6lt\u00f6zik. A h\u00e1z kertj\u00e9ben egy roskadoz\u00f3 gar\u00e1zs \u00e1ll, amely b\u00e1rmely pillanatban \u00f6sszed\u0151lhet. A fi\u00fa itt tal\u00e1l r\u00e1 egy k\u00fcl\u00f6n\u00f6s, de teljesen legyeng\u00fclt l\u00e9nyre, akinek a h\u00e1t\u00e1n \u2013 mint k\u00e9s\u0151bb kider\u00fcl \u2013 sz\u00e1rnyak vannak, s aki a seg\u00edts\u00e9g\u00e9re szorul. Min\u00e1val, a szomsz\u00e9d kisl\u00e1nnyal egy\u00fctt elhat\u00e1rozz\u00e1k, hogy meggy\u00f3gy\u00edtj\u00e1k Skelliget, ezt a var\u00e1zslatos idegent \u2013 \u00e9s a gyerekek \u00e9lete \u00f6r\u00f6kre megv\u00e1ltozik.<\/p>\n","protected":false},"excerpt":{"rendered":"<p>A reg\u00e9ny Nagy-Britanni\u00e1ban elnyerte az \u00e9v legjobb gyermekreg\u00e9ny\u00e9nek j\u00e1r\u00f3 Whitbread-d\u00edjat.<\/p>\n","protected":false},"featured_media":2399,"comment_status":"closed","ping_status":"closed","template":"","meta":[],"product_brand":[],"product_cat":[466],"product_tag":[294,271,300,288,303,305,318],"class_list":{"0":"post-2493","1":"product","2":"type-product","3":"status-publish","4":"has-post-thumbnail","6":"authors-almasi-zeteny","7":"authors-david-almond","8":"publisher-pongrac-kiado","9":"product_cat-uncategorized","10":"product_tag-baratsag","11":"product_tag-kaland","12":"product_tag-kamaszkor","13":"product_tag-kepzelet","14":"product_tag-nyomozas","15":"product_tag-onmagad","16":"product_tag-suli","18":"first","19":"outofstock","20":"shipping-taxable","21":"purchasable","22":"product-type-simple"},"_links":{"self":[{"href":"https:\/\/pongrac.hu\/index.php?rest_route=\/wp\/v2\/product\/2493","targetHints":{"allow":["GET"]}}],"collection":[{"href":"https:\/\/pongrac.hu\/index.php?rest_route=\/wp\/v2\/product"}],"about":[{"href":"https:\/\/pongrac.hu\/index.php?rest_route=\/wp\/v2\/types\/product"}],"replies":[{"embeddable":true,"href":"https:\/\/pongrac.hu\/index.php?rest_route=%2Fwp%2Fv2%2Fcomments&post=2493"}],"wp:featuredmedia":[{"embeddable":true,"href":"https:\/\/pongrac.hu\/index.php?rest_route=\/wp\/v2\/media\/2399"}],"wp:attachment":[{"href":"https:\/\/pongrac.hu\/index.php?rest_route=%2Fwp%2Fv2%2Fmedia&parent=2493"}],"wp:term":[{"taxonomy":"product_brand","embeddable":true,"href":"https:\/\/pongrac.hu\/index.php?rest_route=%2Fwp%2Fv2%2Fproduct_brand&post=2493"},{"taxonomy":"product_cat","embeddable":true,"href":"https:\/\/pongrac.hu\/index.php?rest_route=%2Fwp%2Fv2%2Fproduct_cat&post=2493"},{"taxonomy":"product_tag","embeddable":true,"href":"https:\/\/pongrac.hu\/index.php?rest_route=%2Fwp%2Fv2%2Fproduct_tag&post=2493"}],"curies":[{"name":"wp","href":"https:\/\/api.w.org\/{rel}","templated":true}]}}