{"id":2490,"date":"2011-03-01T08:00:59","date_gmt":"2011-03-01T08:00:59","guid":{"rendered":"http:\/\/dev.pongrac.hu\/?post_type=product&#038;p=2490"},"modified":"2025-02-21T17:16:39","modified_gmt":"2025-02-21T16:16:39","slug":"sammy-az-egen","status":"publish","type":"product","link":"https:\/\/pongrac.hu\/?product=sammy-az-egen","title":{"rendered":"Sammy az \u00e9gen"},"content":{"rendered":"<p>Sammy a legjobb kutya a vil\u00e1gon. Szereti a gazd\u00e1j\u00e1t, \u00e9s gazd\u00e1ja is nagyon szereti \u0151t.<\/p>\n<p>Sammy megbetegszik, majd nem sokkal azut\u00e1n elpusztul\u2026. \u00c1m l\u00e9lekben tov\u00e1bbra is kis gazd\u00e1j\u00e1val \u00e9s csal\u00e1dj\u00e1val marad, akik soha nem felejtik, hogy Sammy mennyire im\u00e1dta kergetni a bubor\u00e9kokat, \u00e9jjelente h\u0171s\u00e9gesen vigy\u00e1zott legjobb bar\u00e1tja \u00e1lm\u00e1ra, \u00e9s mindig k\u00e9szen \u00e1llt egy kis d\u00f6g\u00f6ny\u00f6z\u00e9sre.<\/p>\n","protected":false},"excerpt":{"rendered":"<p>A Pulitzer-d\u00edjas \u00fajs\u00e1g\u00edr\u00f3, Barbara Walsh nagy szeretettel tolm\u00e1csolt \u00e9s az elm\u00fal\u00e1son t\u00fal is rem\u00e9nyt ny\u00fajt\u00f3 t\u00f6rt\u00e9net\u00e9nek minden \u00f6r\u00f6mteli \u00e9s szomor\u00fa pillanat\u00e1t beragyogj\u00e1k a kutyabar\u00e1t Jamie Wyeth realista st\u00edlus\u00fa illuszttr\u00e1ci\u00f3i.<\/p>\n","protected":false},"featured_media":2397,"comment_status":"closed","ping_status":"closed","template":"","meta":[],"product_brand":[],"product_cat":[466],"product_tag":[396,294,403,417,305,293],"class_list":{"0":"post-2490","1":"product","2":"type-product","3":"status-publish","4":"has-post-thumbnail","6":"authors-barbara-walsh","7":"authors-jamie-wyeth","8":"publisher-pongrac-kiado","9":"product_cat-uncategorized","10":"product_tag-allat","11":"product_tag-baratsag","12":"product_tag-elmulas","13":"product_tag-kutya","14":"product_tag-onmagad","15":"product_tag-pottom","17":"first","18":"outofstock","19":"shipping-taxable","20":"purchasable","21":"product-type-simple"},"_links":{"self":[{"href":"https:\/\/pongrac.hu\/index.php?rest_route=\/wp\/v2\/product\/2490","targetHints":{"allow":["GET"]}}],"collection":[{"href":"https:\/\/pongrac.hu\/index.php?rest_route=\/wp\/v2\/product"}],"about":[{"href":"https:\/\/pongrac.hu\/index.php?rest_route=\/wp\/v2\/types\/product"}],"replies":[{"embeddable":true,"href":"https:\/\/pongrac.hu\/index.php?rest_route=%2Fwp%2Fv2%2Fcomments&post=2490"}],"wp:featuredmedia":[{"embeddable":true,"href":"https:\/\/pongrac.hu\/index.php?rest_route=\/wp\/v2\/media\/2397"}],"wp:attachment":[{"href":"https:\/\/pongrac.hu\/index.php?rest_route=%2Fwp%2Fv2%2Fmedia&parent=2490"}],"wp:term":[{"taxonomy":"product_brand","embeddable":true,"href":"https:\/\/pongrac.hu\/index.php?rest_route=%2Fwp%2Fv2%2Fproduct_brand&post=2490"},{"taxonomy":"product_cat","embeddable":true,"href":"https:\/\/pongrac.hu\/index.php?rest_route=%2Fwp%2Fv2%2Fproduct_cat&post=2490"},{"taxonomy":"product_tag","embeddable":true,"href":"https:\/\/pongrac.hu\/index.php?rest_route=%2Fwp%2Fv2%2Fproduct_tag&post=2490"}],"curies":[{"name":"wp","href":"https:\/\/api.w.org\/{rel}","templated":true}]}}