{"id":2488,"date":"2015-01-28T08:00:07","date_gmt":"2015-01-28T08:00:07","guid":{"rendered":"http:\/\/dev.pongrac.hu\/?post_type=product&#038;p=2488"},"modified":"2021-01-21T12:01:23","modified_gmt":"2021-01-21T11:01:23","slug":"randalin-es-mundi","status":"publish","type":"product","link":"https:\/\/pongrac.hu\/?product=randalin-es-mundi","title":{"rendered":"Randal\u00edn \u00e9s Mundi"},"content":{"rendered":"<p>Randal\u00edn \u00e9s Mundi k\u00e9t \u00e9letreval\u00f3 kilenc\u00e9ves, akik a reykjav\u00edki ny\u00e1ri sz\u00fcnetben ismerkednek meg egym\u00e1ssal, amikor a kisl\u00e1ny \u00e9ppen a h\u00e1z el\u0151tt \u201ecigarett\u00e1zik\u201d. Miut\u00e1n Mundi figyelmezteti a doh\u00e1nyz\u00e1s k\u00e1ros hat\u00e1saira, Randal\u00edn k\u00f6zli, hogy k\u00e9ptelen leszokni, \u00e9s kar\u00e1csonyra m\u00e1r val\u00f3sz\u00edn\u0171leg nem is lesz \u00e9letben. (Term\u00e9szetesen kider\u00fcl, hogy Randal\u00edn val\u00f3j\u00e1ban nem doh\u00e1nyzott, csak \u00fagy tett, mintha.) A gyerekek h\u00e9t fejezeten \u00e1t \u00fajabb \u00e9s \u00fajabb kalandokban ismerkednek meg fura emberekkel: egy j\u00f3sn\u0151vel, Randal\u00edn k\u00f6lt\u0151 apj\u00e1val, egy k\u00f6nyvkeresked\u0151vel \u2013 \u00e9s \u00edgy tov\u00e1bb. A szeretetteljes \u00e9s k\u00f6nnyed k\u00f6nyvb\u0151l sug\u00e1rzik a vid\u00e1ms\u00e1g, a pozit\u00edv \u00e9letszeml\u00e9let, a tolerancia \u00e9s a soksz\u00edn\u0171s\u00e9g, s ak\u00e1r felolvas\u00e1sra, ak\u00e1r \u00f6n\u00e1ll\u00f3 olvas\u00e1sra j\u00f3 sz\u00edvvel aj\u00e1nlhat\u00f3.<\/p>\n","protected":false},"excerpt":{"rendered":"<p>Az Izlandi Irodalmi K\u00f6zpont a h\u00fasz \u201ekiad\u00e1sra leg\u00e9rdemesebb izlandi k\u00f6nyv\u201d k\u00f6z\u00e9 sorolja a k\u00f6tetet. A mulats\u00e1gos \u00e9s \u00e9letigenl\u0151 t\u00f6rt\u00e9neteket Th\u00f3rarinn M\u00e1r Baldursson (Semp\u00e9 <em>Kis Nicolas<\/em>-j\u00e1ra eml\u00e9keztet\u0151) illusztr\u00e1ci\u00f3i teszik teljess\u00e9.<\/p>\n","protected":false},"featured_media":2395,"comment_status":"closed","ping_status":"closed","template":"","meta":[],"product_brand":[],"product_cat":[466],"product_tag":[294,271,338,413],"class_list":{"0":"post-2488","1":"product","2":"type-product","3":"status-publish","4":"has-post-thumbnail","6":"authors-thorarinn-mar-baldursson","7":"authors-thordis-gisladottir","8":"publisher-pongrac-kiado","9":"product_cat-uncategorized","10":"product_tag-baratsag","11":"product_tag-kaland","12":"product_tag-nyar","13":"product_tag-szunet","15":"first","16":"instock","17":"shipping-taxable","18":"purchasable","19":"product-type-simple"},"_links":{"self":[{"href":"https:\/\/pongrac.hu\/index.php?rest_route=\/wp\/v2\/product\/2488","targetHints":{"allow":["GET"]}}],"collection":[{"href":"https:\/\/pongrac.hu\/index.php?rest_route=\/wp\/v2\/product"}],"about":[{"href":"https:\/\/pongrac.hu\/index.php?rest_route=\/wp\/v2\/types\/product"}],"replies":[{"embeddable":true,"href":"https:\/\/pongrac.hu\/index.php?rest_route=%2Fwp%2Fv2%2Fcomments&post=2488"}],"wp:featuredmedia":[{"embeddable":true,"href":"https:\/\/pongrac.hu\/index.php?rest_route=\/wp\/v2\/media\/2395"}],"wp:attachment":[{"href":"https:\/\/pongrac.hu\/index.php?rest_route=%2Fwp%2Fv2%2Fmedia&parent=2488"}],"wp:term":[{"taxonomy":"product_brand","embeddable":true,"href":"https:\/\/pongrac.hu\/index.php?rest_route=%2Fwp%2Fv2%2Fproduct_brand&post=2488"},{"taxonomy":"product_cat","embeddable":true,"href":"https:\/\/pongrac.hu\/index.php?rest_route=%2Fwp%2Fv2%2Fproduct_cat&post=2488"},{"taxonomy":"product_tag","embeddable":true,"href":"https:\/\/pongrac.hu\/index.php?rest_route=%2Fwp%2Fv2%2Fproduct_tag&post=2488"}],"curies":[{"name":"wp","href":"https:\/\/api.w.org\/{rel}","templated":true}]}}