{"id":2487,"date":"2012-03-01T08:00:24","date_gmt":"2012-03-01T08:00:24","guid":{"rendered":"http:\/\/dev.pongrac.hu\/?post_type=product&#038;p=2487"},"modified":"2025-02-21T17:15:08","modified_gmt":"2025-02-21T16:15:08","slug":"ram-lottek","status":"publish","type":"product","link":"https:\/\/pongrac.hu\/?product=ram-lottek","title":{"rendered":"R\u00e1m l\u0151ttek"},"content":{"rendered":"<p>Silvana Gandolfi <em>R\u00e1m l\u0151ttek<\/em> c\u00edm\u0171 reg\u00e9nye elnyerte a rangos Prix Sorci\u00e8res 2012-t, a serdu\u0308l\u0151irodalom kateg\u00f3ri\u00e1ban. A d\u00edjat 1986-ban \u00f6tvenk\u00e9t fu\u0308ggetlen francia k\u00f6nyvkeresked\u0151, illetve a Francia K\u00f6nyvt\u00e1rosok Sz\u00f6vets\u00e9ge alap\u00edtotta. C\u00e9lja, hogy olyan k\u00f6nyveket adjanak az ifj\u00fa olvas\u00f3k kez\u00e9be, amelyek \u00e9rzelmeikkel form\u00e1lhatj\u00e1k szem\u00e9lyis\u00e9gu\u0308ket. A d\u00f6nt\u00e9s indokl\u00e1s\u00e1b\u00f3l: \u201eA reg\u00e9ny k\u00edm\u00e9letlenu\u0308l szembes\u00edt a maffia t\u00e9m\u00e1j\u00e1val, a mindenhol jelenl\u00e9v\u0151 er\u0151szakkal, azzal a Szic\u00edli\u00e1val, amely a jelen ellen\u00e9re szinte elt\u00e9phetetlenu\u0308l k\u00f6t\u0151dik a m\u00falt szellem\u00e9vel terhes trad\u00edci\u00f3khoz. Val\u00f3di fejl\u0151d\u00e9sreg\u00e9nyt olvashatunk, amelyben az er\u0151szak a maga leplezetlens\u00e9g\u00e9ben, nem puszta metaforak\u00e9nt jelenik meg. A m\u0171 nemcsak t\u00e9m\u00e1j\u00e1val, de eredeti reg\u00e9nyszerkezet\u00e9vel is kiemelkedik az \u00e1tlagb\u00f3l. Izgalmas cselekm\u00e9nye az els\u0151 lapt\u00f3l az utols\u00f3ig fogva tartja olvas\u00f3j\u00e1t, szu\u0308ntelenu\u0308l \u00e9bren tartva igazs\u00e1g\u00e9rzet\u00e9t, fejlesztve \u00edt\u00e9l\u0151k\u00e9pess\u00e9g\u00e9t.\u201d<\/p>\n","protected":false},"excerpt":{"rendered":"<p>Santino m\u00e1r hat\u00e9vesen tiszt\u00e1ban van azzal, mit jelent Szic\u00edli\u00e1ban a hallgat\u00e1s t\u00f6rv\u00e9nye \u2013 miut\u00e1n az apj\u00e1t \u00e9s a nagyapj\u00e1t meg\u00f6lte a maffia, t\u00e1ntor\u00edthatatlanul hallgat a tettes szem\u00e9ly\u00e9r\u0151l. Amikor v\u00e9gu\u0308l m\u00e9gis vallom\u00e1st tesz, a csal\u00e1dj\u00e1nak mindent h\u00e1tra kell hagynia, hogy \u00faj \u00e9letet kezdjenek.<\/p>\n<p>Lucio tizenegy \u00e9ves, \u00e9s k\u00eds\u00e9rtik a m\u00falt \u00e1rnyai. A mindennapjaiba bef\u00e9szkelte mag\u00e1t a f\u00e9lelem \u2013 \u0151k u\u0308ltett\u00e9k el, azok, Szic\u00edli\u00e1b\u00f3l \u2013, pedig legid\u0151sebb \u201ef\u00e9rfik\u00e9nt\u201d m\u00e1r az \u0151 feladata, hogy vigy\u00e1zzon a csal\u00e1dj\u00e1ra. Amikor az \u00e9desanyja egy nap nem \u00e9rkezik haza, a fi\u00fa azt hiszi, elrabolt\u00e1k. Lucio a h\u00fag\u00e1val egyu\u0308tt \u00fatnak indul\u2026 A v\u00e9letlenek \u00e9s az egyre \u00e9lesebben kirajzol\u00f3d\u00f3 eml\u00e9kek ku\u0308l\u00f6n\u00f6s \u00f6sszj\u00e1t\u00e9ka azt\u00e1n sorsd\u00f6nt\u0151 fordulathoz vezet mindannyiuk t\u00f6rt\u00e9net\u00e9ben.<\/p>\n","protected":false},"featured_media":2394,"comment_status":"closed","ping_status":"closed","template":"","meta":[],"product_brand":[],"product_cat":[466],"product_tag":[294,380,287,271,305],"class_list":{"0":"post-2487","1":"product","2":"type-product","3":"status-publish","4":"has-post-thumbnail","6":"authors-silvana-gandolfi","7":"publisher-pongrac-kiado","8":"product_cat-uncategorized","9":"product_tag-baratsag","10":"product_tag-borton","11":"product_tag-gyilkossag","12":"product_tag-kaland","13":"product_tag-onmagad","15":"first","16":"outofstock","17":"shipping-taxable","18":"purchasable","19":"product-type-simple"},"_links":{"self":[{"href":"https:\/\/pongrac.hu\/index.php?rest_route=\/wp\/v2\/product\/2487","targetHints":{"allow":["GET"]}}],"collection":[{"href":"https:\/\/pongrac.hu\/index.php?rest_route=\/wp\/v2\/product"}],"about":[{"href":"https:\/\/pongrac.hu\/index.php?rest_route=\/wp\/v2\/types\/product"}],"replies":[{"embeddable":true,"href":"https:\/\/pongrac.hu\/index.php?rest_route=%2Fwp%2Fv2%2Fcomments&post=2487"}],"wp:featuredmedia":[{"embeddable":true,"href":"https:\/\/pongrac.hu\/index.php?rest_route=\/wp\/v2\/media\/2394"}],"wp:attachment":[{"href":"https:\/\/pongrac.hu\/index.php?rest_route=%2Fwp%2Fv2%2Fmedia&parent=2487"}],"wp:term":[{"taxonomy":"product_brand","embeddable":true,"href":"https:\/\/pongrac.hu\/index.php?rest_route=%2Fwp%2Fv2%2Fproduct_brand&post=2487"},{"taxonomy":"product_cat","embeddable":true,"href":"https:\/\/pongrac.hu\/index.php?rest_route=%2Fwp%2Fv2%2Fproduct_cat&post=2487"},{"taxonomy":"product_tag","embeddable":true,"href":"https:\/\/pongrac.hu\/index.php?rest_route=%2Fwp%2Fv2%2Fproduct_tag&post=2487"}],"curies":[{"name":"wp","href":"https:\/\/api.w.org\/{rel}","templated":true}]}}