{"id":2478,"date":"2014-11-22T08:00:09","date_gmt":"2014-11-22T08:00:09","guid":{"rendered":"http:\/\/dev.pongrac.hu\/?post_type=product&#038;p=2478"},"modified":"2025-02-21T17:11:34","modified_gmt":"2025-02-21T16:11:34","slug":"mind-a-mennybe-vagyunk","status":"publish","type":"product","link":"https:\/\/pongrac.hu\/?product=mind-a-mennybe-vagyunk","title":{"rendered":"Mind a mennybe v\u00e1gyunk"},"content":{"rendered":"<p>1943-at \u00edrunk. A h\u00e1bor\u00fa kell\u0151s k\u00f6zep\u00e9n j\u00e1runk. Belgiumot megsz\u00e1llt\u00e1k a n\u00e1cik. Amikor a Harmadik Birodalom iszonyatos vesztes\u00e9geket szenved a keleti fronton, Ward tan\u00e1ra felsz\u00f3l\u00edtja a di\u00e1kjait, hogy jelentkezzenek katon\u00e1nak a n\u00e9metek oldal\u00e1n. \u00dagy v\u00e9li, a bolsevizmus j\u00f3val nagyobb vesz\u00e9lyt jelent Flandria sz\u00e1m\u00e1ra, mint Hitler. Ward hisz neki, akit apjak\u00e9nt tisztel. Be\u00e1ll a seregbe. Tal\u00e1n h\u0151s lesz bel\u0151le. A nemzet\u00e9rt \u00e9s a haz\u00e1j\u00e1\u00e9rt. Egy jobb vil\u00e1g\u00e9rt. Ren\u00e9e k\u00e9ptelen elfogadni a fi\u00fa d\u00f6nt\u00e9s\u00e9t \u2013 b\u00e1r m\u00e9g mindig szereti \u2013, ez\u00e9rt elfordul t\u0151le. Jef viszont \u2013 az apjuk tilalma ellen\u00e9re \u2013 sz\u00edvesen csatlakozna bar\u00e1tj\u00e1hoz.<\/p>\n<p>\u00c9s ekkor t\u00f6rt\u00e9nik valami, ami mindannyiuk \u00e9let\u00e9t \u00f6r\u00f6kre megv\u00e1ltoztatja.<\/p>\n","protected":false},"excerpt":{"rendered":"<p>A fiatal Jef arr\u00f3l \u00e1lmodozik, hogy h\u0151s lesz. Rem\u00e9lhet\u0151leg legjobb bar\u00e1tj\u00e1val, Warddal egy\u00fctt. Ren\u00e9e-t, a h\u00fag\u00e1t nem \u00e9rdeklik a h\u0151s\u00f6k. \u0150 szerelmes Wardba, a var\u00e1zslatos szaxofonj\u00e1t\u00e9k\u00e1ba \u00e9s a b\u00e1rsonyos tekintet\u00e9be. Remi, az \u00f6ccs\u00fck m\u00e9g csak t\u00edz\u00e9ves.<\/p>\n","protected":false},"featured_media":2386,"comment_status":"closed","ping_status":"closed","template":"","meta":[],"product_brand":[],"product_cat":[466],"product_tag":[294,392],"class_list":{"0":"post-2478","1":"product","2":"type-product","3":"status-publish","4":"has-post-thumbnail","6":"authors-els-beerten","7":"publisher-pongrac-kiado","8":"product_cat-uncategorized","9":"product_tag-baratsag","10":"product_tag-haboru","12":"first","13":"outofstock","14":"shipping-taxable","15":"purchasable","16":"product-type-simple"},"_links":{"self":[{"href":"https:\/\/pongrac.hu\/index.php?rest_route=\/wp\/v2\/product\/2478","targetHints":{"allow":["GET"]}}],"collection":[{"href":"https:\/\/pongrac.hu\/index.php?rest_route=\/wp\/v2\/product"}],"about":[{"href":"https:\/\/pongrac.hu\/index.php?rest_route=\/wp\/v2\/types\/product"}],"replies":[{"embeddable":true,"href":"https:\/\/pongrac.hu\/index.php?rest_route=%2Fwp%2Fv2%2Fcomments&post=2478"}],"wp:featuredmedia":[{"embeddable":true,"href":"https:\/\/pongrac.hu\/index.php?rest_route=\/wp\/v2\/media\/2386"}],"wp:attachment":[{"href":"https:\/\/pongrac.hu\/index.php?rest_route=%2Fwp%2Fv2%2Fmedia&parent=2478"}],"wp:term":[{"taxonomy":"product_brand","embeddable":true,"href":"https:\/\/pongrac.hu\/index.php?rest_route=%2Fwp%2Fv2%2Fproduct_brand&post=2478"},{"taxonomy":"product_cat","embeddable":true,"href":"https:\/\/pongrac.hu\/index.php?rest_route=%2Fwp%2Fv2%2Fproduct_cat&post=2478"},{"taxonomy":"product_tag","embeddable":true,"href":"https:\/\/pongrac.hu\/index.php?rest_route=%2Fwp%2Fv2%2Fproduct_tag&post=2478"}],"curies":[{"name":"wp","href":"https:\/\/api.w.org\/{rel}","templated":true}]}}