{"id":2477,"date":"2011-05-01T08:00:13","date_gmt":"2011-05-01T08:00:13","guid":{"rendered":"http:\/\/dev.pongrac.hu\/?post_type=product&#038;p=2477"},"modified":"2021-01-21T14:07:22","modified_gmt":"2021-01-21T13:07:22","slug":"miertek-es-hogyanok","status":"publish","type":"product","link":"https:\/\/pongrac.hu\/?product=miertek-es-hogyanok","title":{"rendered":"Mi\u00e9rtek \u00e9s hogyanok"},"content":{"rendered":"<p>Marcus Pfister leg\u00fajabb k\u00f6nyv\u00e9b\u0151l r\u00e1d\u00f6bbenhet\u00fcnk, hogy a gyerekek k\u00e9rd\u00e9sei gyakran \u00e9rdekesebbek, mint a feln\u0151ttek v\u00e1laszai.<\/p>\n","protected":false},"excerpt":{"rendered":"<p>Elmes\u00e9lhet\u0151ek-e a vil\u00e1g csod\u00e1i?<\/p>\n<p>Felder\u00edthet\u0151-e minden titok?<\/p>\n","protected":false},"featured_media":2385,"comment_status":"closed","ping_status":"closed","template":"","meta":[],"product_brand":[],"product_cat":[466],"product_tag":[288,298,305,293],"class_list":{"0":"post-2477","1":"product","2":"type-product","3":"status-publish","4":"has-post-thumbnail","6":"authors-marcus-pfister","7":"publisher-pongrac-kiado","8":"product_cat-uncategorized","9":"product_tag-kepzelet","10":"product_tag-mese","11":"product_tag-onmagad","12":"product_tag-pottom","14":"first","15":"outofstock","16":"shipping-taxable","17":"purchasable","18":"product-type-simple"},"_links":{"self":[{"href":"https:\/\/pongrac.hu\/index.php?rest_route=\/wp\/v2\/product\/2477","targetHints":{"allow":["GET"]}}],"collection":[{"href":"https:\/\/pongrac.hu\/index.php?rest_route=\/wp\/v2\/product"}],"about":[{"href":"https:\/\/pongrac.hu\/index.php?rest_route=\/wp\/v2\/types\/product"}],"replies":[{"embeddable":true,"href":"https:\/\/pongrac.hu\/index.php?rest_route=%2Fwp%2Fv2%2Fcomments&post=2477"}],"wp:featuredmedia":[{"embeddable":true,"href":"https:\/\/pongrac.hu\/index.php?rest_route=\/wp\/v2\/media\/2385"}],"wp:attachment":[{"href":"https:\/\/pongrac.hu\/index.php?rest_route=%2Fwp%2Fv2%2Fmedia&parent=2477"}],"wp:term":[{"taxonomy":"product_brand","embeddable":true,"href":"https:\/\/pongrac.hu\/index.php?rest_route=%2Fwp%2Fv2%2Fproduct_brand&post=2477"},{"taxonomy":"product_cat","embeddable":true,"href":"https:\/\/pongrac.hu\/index.php?rest_route=%2Fwp%2Fv2%2Fproduct_cat&post=2477"},{"taxonomy":"product_tag","embeddable":true,"href":"https:\/\/pongrac.hu\/index.php?rest_route=%2Fwp%2Fv2%2Fproduct_tag&post=2477"}],"curies":[{"name":"wp","href":"https:\/\/api.w.org\/{rel}","templated":true}]}}