{"id":2475,"date":"2014-01-09T08:00:49","date_gmt":"2014-01-09T08:00:49","guid":{"rendered":"http:\/\/dev.pongrac.hu\/?post_type=product&#038;p=2475"},"modified":"2025-02-21T17:13:00","modified_gmt":"2025-02-21T16:13:00","slug":"mergezett-almak","status":"publish","type":"product","link":"https:\/\/pongrac.hu\/?product=mergezett-almak","title":{"rendered":"M\u00e9rgezett Alm\u00e1k"},"content":{"rendered":"<p>Mind ismerj\u00fck Hamupip\u0151ke, H\u00f3feh\u00e9rke \u00e9s Csipker\u00f3zsika t\u00f6rt\u00e9net\u00e9t. De hallott\u00e1l m\u00e1r Alice Bingley-Beckermanr\u0151l, Reena Paruchurir\u00f3l vagy Molly Millerr\u0151l? Persze hogy nem! M\u00e9g nem. Hogy mi a k\u00f6z\u00f6s ezekben a l\u00e1nyokban \u00e9s mesebeli n\u0151v\u00e9reikben? \u0150k is h\u00e1rom nagyon gonosz mostoha \u00f6r\u00f6kbe fogadott l\u00e1nyai. \u00c9s egy\u00e1ltal\u00e1n nem boldogok. Azt hiszik, ezzel egyed\u00fcl vannak a vil\u00e1gon, am\u00edg meg nem \u00e9rkeznek Putnam Mount McKinsey-be, egy el\u0151kel\u0151 mag\u00e1niskol\u00e1ba a messzi Massachusettsben. Itt kezdik megtervezni a bossz\u00fat.<\/p>\n<p>El\u0151bb azonban m\u00e9g tal\u00e1lkozniuk kell.<\/p>\n","protected":false},"excerpt":{"rendered":"<p>Lily Archer els\u0151 reg\u00e9ny\u00e9ben okos, ravasz humor\u00fa t\u00f6rt\u00e9netet mes\u00e9l el egy \u2013 sokszor a csal\u00e1di k\u00f6tel\u00e9kekn\u00e9l is er\u0151sebb \u2013 bar\u00e1ts\u00e1gr\u00f3l.<\/p>\n","protected":false},"featured_media":2384,"comment_status":"closed","ping_status":"closed","template":"","meta":[],"product_brand":[],"product_cat":[466],"product_tag":[294,271,356,318],"class_list":{"0":"post-2475","1":"product","2":"type-product","3":"status-publish","4":"has-post-thumbnail","6":"authors-lily-archer","7":"publisher-pongrac-kiado","8":"product_cat-uncategorized","9":"product_tag-baratsag","10":"product_tag-kaland","11":"product_tag-nagyvilag","12":"product_tag-suli","14":"first","15":"outofstock","16":"shipping-taxable","17":"purchasable","18":"product-type-simple"},"_links":{"self":[{"href":"https:\/\/pongrac.hu\/index.php?rest_route=\/wp\/v2\/product\/2475","targetHints":{"allow":["GET"]}}],"collection":[{"href":"https:\/\/pongrac.hu\/index.php?rest_route=\/wp\/v2\/product"}],"about":[{"href":"https:\/\/pongrac.hu\/index.php?rest_route=\/wp\/v2\/types\/product"}],"replies":[{"embeddable":true,"href":"https:\/\/pongrac.hu\/index.php?rest_route=%2Fwp%2Fv2%2Fcomments&post=2475"}],"wp:featuredmedia":[{"embeddable":true,"href":"https:\/\/pongrac.hu\/index.php?rest_route=\/wp\/v2\/media\/2384"}],"wp:attachment":[{"href":"https:\/\/pongrac.hu\/index.php?rest_route=%2Fwp%2Fv2%2Fmedia&parent=2475"}],"wp:term":[{"taxonomy":"product_brand","embeddable":true,"href":"https:\/\/pongrac.hu\/index.php?rest_route=%2Fwp%2Fv2%2Fproduct_brand&post=2475"},{"taxonomy":"product_cat","embeddable":true,"href":"https:\/\/pongrac.hu\/index.php?rest_route=%2Fwp%2Fv2%2Fproduct_cat&post=2475"},{"taxonomy":"product_tag","embeddable":true,"href":"https:\/\/pongrac.hu\/index.php?rest_route=%2Fwp%2Fv2%2Fproduct_tag&post=2475"}],"curies":[{"name":"wp","href":"https:\/\/api.w.org\/{rel}","templated":true}]}}