{"id":2467,"date":"2014-03-01T08:00:22","date_gmt":"2014-03-01T08:00:22","guid":{"rendered":"http:\/\/dev.pongrac.hu\/?post_type=product&#038;p=2467"},"modified":"2025-02-21T17:12:50","modified_gmt":"2025-02-21T16:12:50","slug":"kivancsi-kosza-annabella-lujza-es-az-ozonviz","status":"publish","type":"product","link":"https:\/\/pongrac.hu\/?product=kivancsi-kosza-annabella-lujza-es-az-ozonviz","title":{"rendered":"K\u00edv\u00e1ncsi-K\u00f3sza Annabella Lujza \u00e9s az \u00f6z\u00f6nv\u00edz"},"content":{"rendered":"<p>A h\u0151seinket sz\u00f3 szerint el\u00e1raszt\u00f3 katasztr\u00f3fa egyre fenyeget\u0151bbnek t\u0171nik, \u00e1m szerencs\u00e9re van rem\u00e9ny. \u00c9s tal\u00e1n akad n\u00e9mi kolb\u00e1sz, szalonna \u00e9s cs\u00edp\u0151s paprika is, ami elengedhetetlen\u00fcl fontos, ha egy h\u00e1romcentis apr\u00f3s\u00e1g v\u00e9szhelyzetbe ker\u00fcl.<\/p>\n<p>Tulajdonk\u00e9ppen mi a vir\u00e1gt\u00fcnd\u00e9rek dolga? Mif\u00e9le seg\u00edts\u00e9get ny\u00fajthat Kazim\u00edr, a h\u00f3bortos boltos? \u00c9s mik\u00e9nt ker\u00fcl a k\u00e9pbe egy menek\u00fcl\u0151 m\u00f3kuscsal\u00e1d, valamint k\u00e9t kiseg\u00e9r, akik \u2013 amint az hamar kider\u00fcl \u2013 v\u00e1lld\u00edsznek sem utols\u00f3k?<\/p>\n","protected":false},"excerpt":{"rendered":"<p>K\u00edv\u00e1ncsi-K\u00f3sza Annabella Lujz\u00e1nak, a vihog\u00f3s, szeleburdi t\u00fcnd\u00e9rnek mindene a lila sz\u00edn. Amikor birtok\u00e1ba ker\u00fcl egy h\u0151n \u00e1h\u00edtott lila kend\u0151, m\u00e9g nem sejti, mekkora galib\u00e1t okoz azzal, hogy esz\u00e9ben sincs visszaadni a tulajdonos\u00e1nak.<\/p>\n","protected":false},"featured_media":2378,"comment_status":"closed","ping_status":"closed","template":"","meta":[],"product_brand":[],"product_cat":[466],"product_tag":[294,345,271,275],"class_list":{"0":"post-2467","1":"product","2":"type-product","3":"status-publish","4":"has-post-thumbnail","6":"authors-almasi-zeteny","7":"authors-l-molnar-edit","8":"publisher-pongrac-kiado","9":"product_cat-uncategorized","10":"product_tag-baratsag","11":"product_tag-eger","12":"product_tag-kaland","13":"product_tag-tunder","15":"first","16":"outofstock","17":"shipping-taxable","18":"purchasable","19":"product-type-simple"},"_links":{"self":[{"href":"https:\/\/pongrac.hu\/index.php?rest_route=\/wp\/v2\/product\/2467","targetHints":{"allow":["GET"]}}],"collection":[{"href":"https:\/\/pongrac.hu\/index.php?rest_route=\/wp\/v2\/product"}],"about":[{"href":"https:\/\/pongrac.hu\/index.php?rest_route=\/wp\/v2\/types\/product"}],"replies":[{"embeddable":true,"href":"https:\/\/pongrac.hu\/index.php?rest_route=%2Fwp%2Fv2%2Fcomments&post=2467"}],"wp:featuredmedia":[{"embeddable":true,"href":"https:\/\/pongrac.hu\/index.php?rest_route=\/wp\/v2\/media\/2378"}],"wp:attachment":[{"href":"https:\/\/pongrac.hu\/index.php?rest_route=%2Fwp%2Fv2%2Fmedia&parent=2467"}],"wp:term":[{"taxonomy":"product_brand","embeddable":true,"href":"https:\/\/pongrac.hu\/index.php?rest_route=%2Fwp%2Fv2%2Fproduct_brand&post=2467"},{"taxonomy":"product_cat","embeddable":true,"href":"https:\/\/pongrac.hu\/index.php?rest_route=%2Fwp%2Fv2%2Fproduct_cat&post=2467"},{"taxonomy":"product_tag","embeddable":true,"href":"https:\/\/pongrac.hu\/index.php?rest_route=%2Fwp%2Fv2%2Fproduct_tag&post=2467"}],"curies":[{"name":"wp","href":"https:\/\/api.w.org\/{rel}","templated":true}]}}