{"id":2466,"date":"2014-06-01T08:00:06","date_gmt":"2014-06-01T08:00:06","guid":{"rendered":"http:\/\/dev.pongrac.hu\/?post_type=product&#038;p=2466"},"modified":"2021-01-21T12:06:38","modified_gmt":"2021-01-21T11:06:38","slug":"juj-egerek","status":"publish","type":"product","link":"https:\/\/pongrac.hu\/?product=juj-egerek","title":{"rendered":"Juj, egerek!"},"content":{"rendered":"<p>Valahol a k\u00f6zelben van egy h\u00e1z. Ott \u00e9ldeg\u00e9l P\u00f6tyi, a kotnyeles eg\u00e9rkisl\u00e1ny \u00e9s T\u00f6tyi, a beleval\u00f3 eg\u00e9rfi\u00fa. Az \u00e9p\u00fclet csod\u00e1s, biztons\u00e1gos c\u00f6l\u00f6p\u00f6k\u00f6n \u00e1ll, kell\u0151en p\u00f3kh\u00e1l\u00f3s \u00e9s zegzugos. Minden eg\u00e9r \u00e1lma. De mi t\u00f6rt\u00e9nik akkor, ha kider\u00fcl, hogy ez val\u00f3j\u00e1ban egy nyaral\u00f3? Ahova nyaranta E\u00a0M\u00a0B\u00a0E\u00a0R\u00a0E\u00a0E\u00a0E\u00a0K j\u00e1rnak! Na, akkor k\u00f6vetkezik az a bizonyos\u2026<\/p>\n<p>Juj, egerek!<\/p>\n","protected":false},"excerpt":{"rendered":"<p>Valahol a k\u00f6zelben van egy h\u00e1z. Ott \u00e9ldeg\u00e9l P\u00f6tyi, a kotnyeles eg\u00e9rkisl\u00e1ny \u00e9s T\u00f6tyi, a beleval\u00f3 eg\u00e9rfi\u00fa. Az \u00e9p\u00fclet csod\u00e1s, biztons\u00e1gos c\u00f6l\u00f6p\u00f6k\u00f6n \u00e1ll, kell\u0151en p\u00f3kh\u00e1l\u00f3s \u00e9s zegzugos. Minden eg\u00e9r \u00e1lma. De mi t\u00f6rt\u00e9nik akkor, ha kider\u00fcl, hogy ez val\u00f3j\u00e1ban egy nyaral\u00f3? Ahova nyaranta E\u00a0M\u00a0B\u00a0E\u00a0R\u00a0E\u00a0E\u00a0E\u00a0K j\u00e1rnak! Na, akkor k\u00f6vetkezik az a bizonyos\u2026 Juj, egerek!<\/p>\n","protected":false},"featured_media":2377,"comment_status":"closed","ping_status":"closed","template":"","meta":[],"product_brand":[],"product_cat":[466],"product_tag":[294,345,271],"class_list":{"0":"post-2466","1":"product","2":"type-product","3":"status-publish","4":"has-post-thumbnail","6":"authors-kadlicsko-bea","7":"authors-l-molnar-edit","8":"publisher-pongrac-kiado","9":"product_cat-uncategorized","10":"product_tag-baratsag","11":"product_tag-eger","12":"product_tag-kaland","14":"first","15":"instock","16":"shipping-taxable","17":"purchasable","18":"product-type-simple"},"_links":{"self":[{"href":"https:\/\/pongrac.hu\/index.php?rest_route=\/wp\/v2\/product\/2466","targetHints":{"allow":["GET"]}}],"collection":[{"href":"https:\/\/pongrac.hu\/index.php?rest_route=\/wp\/v2\/product"}],"about":[{"href":"https:\/\/pongrac.hu\/index.php?rest_route=\/wp\/v2\/types\/product"}],"replies":[{"embeddable":true,"href":"https:\/\/pongrac.hu\/index.php?rest_route=%2Fwp%2Fv2%2Fcomments&post=2466"}],"wp:featuredmedia":[{"embeddable":true,"href":"https:\/\/pongrac.hu\/index.php?rest_route=\/wp\/v2\/media\/2377"}],"wp:attachment":[{"href":"https:\/\/pongrac.hu\/index.php?rest_route=%2Fwp%2Fv2%2Fmedia&parent=2466"}],"wp:term":[{"taxonomy":"product_brand","embeddable":true,"href":"https:\/\/pongrac.hu\/index.php?rest_route=%2Fwp%2Fv2%2Fproduct_brand&post=2466"},{"taxonomy":"product_cat","embeddable":true,"href":"https:\/\/pongrac.hu\/index.php?rest_route=%2Fwp%2Fv2%2Fproduct_cat&post=2466"},{"taxonomy":"product_tag","embeddable":true,"href":"https:\/\/pongrac.hu\/index.php?rest_route=%2Fwp%2Fv2%2Fproduct_tag&post=2466"}],"curies":[{"name":"wp","href":"https:\/\/api.w.org\/{rel}","templated":true}]}}