{"id":2453,"date":"2013-01-21T12:38:51","date_gmt":"2013-01-21T12:38:51","guid":{"rendered":"http:\/\/dev.pongrac.hu\/?post_type=product&#038;p=2453"},"modified":"2025-02-21T17:14:04","modified_gmt":"2025-02-21T16:14:04","slug":"felfedezok-kronikaja-az-esofalok-varosa","status":"publish","type":"product","link":"https:\/\/pongrac.hu\/?product=felfedezok-kronikaja-az-esofalok-varosa","title":{"rendered":"Felfedez\u0151k kr\u00f3nik\u00e1ja \u2013 Az es\u0151fal\u00f3k v\u00e1rosa"},"content":{"rendered":"<p>Egy f\u00fcgg\u0151leges v\u00e1ros 3000 m\u00e9terrel a tengerszint felett. Egy elfeledett n\u00e9p. Egy sz\u00f6rny\u0171, \u0151si hatalom fenyeget\u00e9se. \u00c9s egy maroknyi, mindenre elsz\u00e1nt vil\u00e1gj\u00e1r\u00f3 sz\u00f6vets\u00e9ge.<\/p>\n","protected":false},"excerpt":{"rendered":"<p>Thomas Thiemeyer mer\u00e9sz h\u0151sei l\u00e9legzetel\u00e1ll\u00edt\u00f3 helysz\u00edneken \u00e9lnek \u00e1t fantasztikus kalandokat, amelyek az els\u0151 oldalt\u00f3l az utols\u00f3ig a karossz\u00e9khez k\u00f6t\u00f6zik az olvas\u00f3t.<\/p>\n","protected":false},"featured_media":2366,"comment_status":"closed","ping_status":"closed","template":"","meta":[],"product_brand":[],"product_cat":[466],"product_tag":[294,271,368],"class_list":{"0":"post-2453","1":"product","2":"type-product","3":"status-publish","4":"has-post-thumbnail","6":"authors-pongrac-csapata","7":"authors-thomas-thiemeyer","8":"publisher-pongrac-kiado","9":"product_cat-uncategorized","10":"product_tag-baratsag","11":"product_tag-kaland","12":"product_tag-szovetseg","14":"first","15":"outofstock","16":"shipping-taxable","17":"purchasable","18":"product-type-simple"},"_links":{"self":[{"href":"https:\/\/pongrac.hu\/index.php?rest_route=\/wp\/v2\/product\/2453","targetHints":{"allow":["GET"]}}],"collection":[{"href":"https:\/\/pongrac.hu\/index.php?rest_route=\/wp\/v2\/product"}],"about":[{"href":"https:\/\/pongrac.hu\/index.php?rest_route=\/wp\/v2\/types\/product"}],"replies":[{"embeddable":true,"href":"https:\/\/pongrac.hu\/index.php?rest_route=%2Fwp%2Fv2%2Fcomments&post=2453"}],"wp:featuredmedia":[{"embeddable":true,"href":"https:\/\/pongrac.hu\/index.php?rest_route=\/wp\/v2\/media\/2366"}],"wp:attachment":[{"href":"https:\/\/pongrac.hu\/index.php?rest_route=%2Fwp%2Fv2%2Fmedia&parent=2453"}],"wp:term":[{"taxonomy":"product_brand","embeddable":true,"href":"https:\/\/pongrac.hu\/index.php?rest_route=%2Fwp%2Fv2%2Fproduct_brand&post=2453"},{"taxonomy":"product_cat","embeddable":true,"href":"https:\/\/pongrac.hu\/index.php?rest_route=%2Fwp%2Fv2%2Fproduct_cat&post=2453"},{"taxonomy":"product_tag","embeddable":true,"href":"https:\/\/pongrac.hu\/index.php?rest_route=%2Fwp%2Fv2%2Fproduct_tag&post=2453"}],"curies":[{"name":"wp","href":"https:\/\/api.w.org\/{rel}","templated":true}]}}