{"id":2451,"date":"2011-12-01T08:00:37","date_gmt":"2011-12-01T08:00:37","guid":{"rendered":"http:\/\/dev.pongrac.hu\/?post_type=product&#038;p=2451"},"modified":"2019-01-07T12:13:16","modified_gmt":"2019-01-07T11:13:16","slug":"ezopara-123-diszdobozban","status":"publish","type":"product","link":"https:\/\/pongrac.hu\/?product=ezopara-123-diszdobozban","title":{"rendered":"EzoPara 1+2+3 d\u00edszdobozban"},"content":{"rendered":"","protected":false},"excerpt":{"rendered":"<p>A\u00a0t\u00f6rt\u00e9netek hat (h\u00e1rom l\u00e1ny \u00e9s h\u00e1rom fi\u00fa) t\u00f6k\u00e9letesen \u00e1tlagos f\u0151v\u00e1rosi fiatalr\u00f3l sz\u00f3lnak, akik pontosan ugyanezt gondolj\u00e1k, m\u00edg egy nap gy\u00e1szkeretes levelet nem kapnak.<\/p>\n","protected":false},"featured_media":2364,"comment_status":"closed","ping_status":"closed","template":"","meta":[],"product_brand":[],"product_cat":[466],"product_tag":[294,361,271,285,284,338,290,362],"class_list":{"0":"post-2451","1":"product","2":"type-product","3":"status-publish","4":"has-post-thumbnail","6":"authors-boszormenyi-gyula","7":"authors-macho-zsofia","8":"publisher-pongrac-kiado","9":"product_cat-uncategorized","10":"product_tag-baratsag","11":"product_tag-budapest","12":"product_tag-kaland","13":"product_tag-krimi","14":"product_tag-magia","15":"product_tag-nyar","16":"product_tag-remseg","17":"product_tag-tabor","19":"first","20":"outofstock","21":"shipping-taxable","22":"purchasable","23":"product-type-simple"},"_links":{"self":[{"href":"https:\/\/pongrac.hu\/index.php?rest_route=\/wp\/v2\/product\/2451","targetHints":{"allow":["GET"]}}],"collection":[{"href":"https:\/\/pongrac.hu\/index.php?rest_route=\/wp\/v2\/product"}],"about":[{"href":"https:\/\/pongrac.hu\/index.php?rest_route=\/wp\/v2\/types\/product"}],"replies":[{"embeddable":true,"href":"https:\/\/pongrac.hu\/index.php?rest_route=%2Fwp%2Fv2%2Fcomments&post=2451"}],"wp:featuredmedia":[{"embeddable":true,"href":"https:\/\/pongrac.hu\/index.php?rest_route=\/wp\/v2\/media\/2364"}],"wp:attachment":[{"href":"https:\/\/pongrac.hu\/index.php?rest_route=%2Fwp%2Fv2%2Fmedia&parent=2451"}],"wp:term":[{"taxonomy":"product_brand","embeddable":true,"href":"https:\/\/pongrac.hu\/index.php?rest_route=%2Fwp%2Fv2%2Fproduct_brand&post=2451"},{"taxonomy":"product_cat","embeddable":true,"href":"https:\/\/pongrac.hu\/index.php?rest_route=%2Fwp%2Fv2%2Fproduct_cat&post=2451"},{"taxonomy":"product_tag","embeddable":true,"href":"https:\/\/pongrac.hu\/index.php?rest_route=%2Fwp%2Fv2%2Fproduct_tag&post=2451"}],"curies":[{"name":"wp","href":"https:\/\/api.w.org\/{rel}","templated":true}]}}