{"id":2441,"date":"2013-06-01T08:00:58","date_gmt":"2013-06-01T08:00:58","guid":{"rendered":"http:\/\/dev.pongrac.hu\/?post_type=product&#038;p=2441"},"modified":"2021-01-21T13:56:19","modified_gmt":"2021-01-21T12:56:19","slug":"ella-es-a-rock-kiralya","status":"publish","type":"product","link":"https:\/\/pongrac.hu\/?product=ella-es-a-rock-kiralya","title":{"rendered":"Ella \u00e9s a rock kir\u00e1lya"},"content":{"rendered":"<p>Nos, amikor a feln\u0151ttek ilyen furcsa terveket sz\u00f6v\u00f6getnek, r\u00e1ad\u00e1sul egy\u00e9b gondjaik is akadnak, jobb, ha az ember megteszi a megfelel\u0151 l\u00e9p\u00e9seket. \u00c9s mivel a tan\u00edt\u00f3 b\u00e1csi \u00fagyis folyton tengeri utaz\u00e1sr\u00f3l \u00e1lmodozik\u2026 Ha \u0151 nincs, Pate marad, \u00e9s \u00fcst\u00f6k\u00f6sk\u00e9nt sz\u00e1guld majd a h\u00edrn\u00e9v fel\u00e9.<\/p>\n","protected":false},"excerpt":{"rendered":"<p>A haz\u00e1j\u00e1ban \u00e9s k\u00fclf\u00f6ld\u00f6n egyar\u00e1nt elismert finn \u00edr\u00f3, Timo Parvela n\u00e9pszer\u0171 Ella-sorozat\u00e1nak negyedik k\u00f6tet\u00e9ben Ella \u00e9s bar\u00e1tai im\u00e1dnak suliba j\u00e1rni, \u00e1m amikor a tan\u00edt\u00f3 b\u00e1csi meg akarja buktatni szeg\u00e9ny Pat\u00e9t, csak mert nem tudja a szorz\u00f3t\u00e1bl\u00e1t\u2026 De h\u00e1t nincs is r\u00e1 sz\u00fcks\u00e9ge, hisz \u00fagyis rockszt\u00e1rnak k\u00e9sz\u00fcl!<\/p>\n","protected":false},"featured_media":2353,"comment_status":"closed","ping_status":"closed","template":"","meta":[],"product_brand":[],"product_cat":[466],"product_tag":[294,350,271,318],"class_list":{"0":"post-2441","1":"product","2":"type-product","3":"status-publish","4":"has-post-thumbnail","6":"authors-almasi-zeteny","7":"authors-timo-parvela","8":"publisher-pongrac-kiado","9":"product_cat-uncategorized","10":"product_tag-baratsag","11":"product_tag-ella","12":"product_tag-kaland","13":"product_tag-suli","15":"first","16":"instock","17":"shipping-taxable","18":"purchasable","19":"product-type-simple"},"_links":{"self":[{"href":"https:\/\/pongrac.hu\/index.php?rest_route=\/wp\/v2\/product\/2441","targetHints":{"allow":["GET"]}}],"collection":[{"href":"https:\/\/pongrac.hu\/index.php?rest_route=\/wp\/v2\/product"}],"about":[{"href":"https:\/\/pongrac.hu\/index.php?rest_route=\/wp\/v2\/types\/product"}],"replies":[{"embeddable":true,"href":"https:\/\/pongrac.hu\/index.php?rest_route=%2Fwp%2Fv2%2Fcomments&post=2441"}],"wp:featuredmedia":[{"embeddable":true,"href":"https:\/\/pongrac.hu\/index.php?rest_route=\/wp\/v2\/media\/2353"}],"wp:attachment":[{"href":"https:\/\/pongrac.hu\/index.php?rest_route=%2Fwp%2Fv2%2Fmedia&parent=2441"}],"wp:term":[{"taxonomy":"product_brand","embeddable":true,"href":"https:\/\/pongrac.hu\/index.php?rest_route=%2Fwp%2Fv2%2Fproduct_brand&post=2441"},{"taxonomy":"product_cat","embeddable":true,"href":"https:\/\/pongrac.hu\/index.php?rest_route=%2Fwp%2Fv2%2Fproduct_cat&post=2441"},{"taxonomy":"product_tag","embeddable":true,"href":"https:\/\/pongrac.hu\/index.php?rest_route=%2Fwp%2Fv2%2Fproduct_tag&post=2441"}],"curies":[{"name":"wp","href":"https:\/\/api.w.org\/{rel}","templated":true}]}}