{"id":2431,"date":"2015-01-01T08:00:07","date_gmt":"2015-01-01T08:00:07","guid":{"rendered":"http:\/\/dev.pongrac.hu\/?post_type=product&#038;p=2431"},"modified":"2021-01-21T12:04:12","modified_gmt":"2021-01-21T11:04:12","slug":"century-iv-az-osforras","status":"publish","type":"product","link":"https:\/\/pongrac.hu\/?product=century-iv-az-osforras","title":{"rendered":"Century IV. \u2013 Az \u0151sforr\u00e1s"},"content":{"rendered":"<p style=\"margin: 0cm; margin-bottom: .0001pt; line-height: 18.0pt;\"><span style=\"font-family: Georgia; color: #333333;\">A T\u0170Z GY\u0170R\u0170JE<\/span><\/p>\n<p style=\"margin: 0cm; margin-bottom: .0001pt; line-height: 18.0pt;\"><span style=\"font-family: Georgia; color: #333333;\">December 29. R\u00f3ma, \u00e9jszaka. Egy f\u00e9rfi menek\u00fcl titokzatos \u00fcld\u00f6z\u0151je el\u0151l. Amikor megpillantja Shenget, Mistralt, Harvey-t \u00e9s Elettr\u00e1t, r\u00e1juk b\u00edz egy t\u00e1sk\u00e1t, majd tov\u00e1bbrohan. A t\u00e1sk\u00e1ban egy k\u00fcl\u00f6n\u00f6s fat\u00e9rk\u00e9p rejt\u0151zik\u2026 A nagy kaland elkezd\u0151d\u00f6tt!<\/span><\/p>\n<p style=\"margin: 0cm; margin-bottom: .0001pt; line-height: 18.0pt;\"><span style=\"font-family: Georgia; color: #333333;\">A K\u0150CSILLAG<\/span><\/p>\n<p style=\"margin: 0cm; margin-bottom: .0001pt; line-height: 18.0pt;\"><span style=\"font-family: Georgia; color: #333333;\">M\u00e1rcius 16. New York a fagy fogs\u00e1g\u00e1ban verg\u0151dik. A n\u00e9gy kiv\u00e1lasztott \u00fajra egy\u00fctt. Ez\u00fattal a K\u0151csillagra kell r\u00e1bukkanniuk. De kev\u00e9s az id\u0151, \u00e9s nincs vissza\u00fat\u2026<\/span><\/p>\n<p style=\"margin: 0cm; margin-bottom: .0001pt; line-height: 18.0pt; orphans: auto; text-align: start; widows: 1; -webkit-text-stroke-width: 0px; word-spacing: 0px;\"><span style=\"font-family: Georgia; color: #333333;\">A SZ\u00c9L V\u00c1ROSA<\/span><\/p>\n<p style=\"margin: 0cm; margin-bottom: .0001pt; line-height: 18.0pt;\"><span style=\"font-family: Georgia; color: #333333;\">J\u00fanius 29. P\u00e1rizs. Alighogy a n\u00e9gy bar\u00e1t meg\u00e9rkezik, m\u00e1ris \u00cdzisz titokzatos vitorl\u00e1ja ut\u00e1n kutatnak. \u00c1m az \u00e1lnok Cybel kisasszony k\u00e9mei mindenhol a nyomukban vannak\u2026 Az \u00f3ra pedig ketyeg.<\/span><\/p>\n<p style=\"margin: 0cm; margin-bottom: .0001pt; line-height: 18.0pt; orphans: auto; text-align: start; widows: 1; -webkit-text-stroke-width: 0px; word-spacing: 0px;\"><span style=\"font-family: Georgia; color: #333333;\">AZ \u0150SFORR\u00c1S<\/span><\/p>\n<p style=\"margin: 0cm; margin-bottom: .0001pt; line-height: 18.0pt;\"><span style=\"font-family: Georgia; color: #333333;\">Szeptember 19. Sanghaj. Harvey, Elettra, Mistral \u00e9s Sheng k\u00fcldet\u00e9se a v\u00e9g\u00e9hez k\u00f6zeledik. Ebben a v\u00e1rosban teljesedik be minden. Itt tal\u00e1l c\u00e9lj\u00e1ra a n\u00e9gy felkutatott t\u00e1rgy. Itt k\u00f6ttetik \u00fajra Ember \u00e9s Term\u00e9szet Egyezs\u00e9ge.<\/span><\/p>\n","protected":false},"excerpt":{"rendered":"<p>A n\u00e9gyk\u00f6tetes, vil\u00e1got \u00e1tszel\u0151 kaland befejez\u0151 r\u00e9sze.<\/p>\n","protected":false},"featured_media":2345,"comment_status":"closed","ping_status":"closed","template":"","meta":[],"product_brand":[],"product_cat":[466],"product_tag":[271,300,303,329],"class_list":{"0":"post-2431","1":"product","2":"type-product","3":"status-publish","4":"has-post-thumbnail","6":"authors-pierdomenico-baccalario","7":"publisher-pongrac-kiado","8":"product_cat-uncategorized","9":"product_tag-kaland","10":"product_tag-kamaszkor","11":"product_tag-nyomozas","12":"product_tag-sanghaj","14":"first","15":"instock","16":"shipping-taxable","17":"purchasable","18":"product-type-simple"},"_links":{"self":[{"href":"https:\/\/pongrac.hu\/index.php?rest_route=\/wp\/v2\/product\/2431","targetHints":{"allow":["GET"]}}],"collection":[{"href":"https:\/\/pongrac.hu\/index.php?rest_route=\/wp\/v2\/product"}],"about":[{"href":"https:\/\/pongrac.hu\/index.php?rest_route=\/wp\/v2\/types\/product"}],"replies":[{"embeddable":true,"href":"https:\/\/pongrac.hu\/index.php?rest_route=%2Fwp%2Fv2%2Fcomments&post=2431"}],"wp:featuredmedia":[{"embeddable":true,"href":"https:\/\/pongrac.hu\/index.php?rest_route=\/wp\/v2\/media\/2345"}],"wp:attachment":[{"href":"https:\/\/pongrac.hu\/index.php?rest_route=%2Fwp%2Fv2%2Fmedia&parent=2431"}],"wp:term":[{"taxonomy":"product_brand","embeddable":true,"href":"https:\/\/pongrac.hu\/index.php?rest_route=%2Fwp%2Fv2%2Fproduct_brand&post=2431"},{"taxonomy":"product_cat","embeddable":true,"href":"https:\/\/pongrac.hu\/index.php?rest_route=%2Fwp%2Fv2%2Fproduct_cat&post=2431"},{"taxonomy":"product_tag","embeddable":true,"href":"https:\/\/pongrac.hu\/index.php?rest_route=%2Fwp%2Fv2%2Fproduct_tag&post=2431"}],"curies":[{"name":"wp","href":"https:\/\/api.w.org\/{rel}","templated":true}]}}