{"id":2428,"date":"2011-05-01T08:00:56","date_gmt":"2011-05-01T08:00:56","guid":{"rendered":"http:\/\/dev.pongrac.hu\/?post_type=product&#038;p=2428"},"modified":"2021-01-21T14:01:38","modified_gmt":"2021-01-21T13:01:38","slug":"century-i-a-tuz-gyuruje","status":"publish","type":"product","link":"https:\/\/pongrac.hu\/?product=century-i-a-tuz-gyuruje","title":{"rendered":"Century I. \u2013 A T\u0171z gy\u0171r\u0171je"},"content":{"rendered":"<p>Az emberis\u00e9gre sz\u00e1z\u00e9venk\u00e9nt pr\u00f3bat\u00e9tel v\u00e1r. Minden sz\u00e1zadik \u00e9vben n\u00e9gy gyermek a kulcsfigura egy sorsd\u00f6nt\u0151 j\u00e1tszm\u00e1ban. Megint eltelt sz\u00e1z \u00e9v. A n\u00e9gy kiv\u00e1lasztott tal\u00e1lkozik\u2026 Kezdet\u00e9t veszi az \u00fajabb kih\u00edv\u00e1s \u2013 R\u00f3m\u00e1ban, a t\u0171z v\u00e1ros\u00e1ban.<\/p>\n","protected":false},"excerpt":{"rendered":"<p>December 29. R\u00f3ma, \u00e9jszaka. Egy f\u00e9rfi menek\u00fcl titokzatos \u00fcld\u00f6z\u0151je el\u0151l. Amikor megpillantja Elettr\u00e1t, Mistralt, Harveyt \u00e9s Shenget, r\u00e1juk b\u00edz egy t\u00e1sk\u00e1t, majd tov\u00e1bbrohan. A t\u00e1sk\u00e1ban egy k\u00fcl\u00f6n\u00f6s, f\u00e1b\u00f3l k\u00e9sz\u00fclt t\u00e9rk\u00e9p rejt\u0151zik&#8230;<\/p>\n<p>A nagy kaland elkezd\u0151d\u00f6tt!<\/p>\n","protected":false},"featured_media":2342,"comment_status":"closed","ping_status":"closed","template":"","meta":[],"product_brand":[],"product_cat":[466],"product_tag":[294,271,300,285,303,327,297],"class_list":{"0":"post-2428","1":"product","2":"type-product","3":"status-publish","4":"has-post-thumbnail","6":"authors-pierdomenico-baccalario","7":"publisher-pongrac-kiado","8":"product_cat-uncategorized","9":"product_tag-baratsag","10":"product_tag-kaland","11":"product_tag-kamaszkor","12":"product_tag-krimi","13":"product_tag-nyomozas","14":"product_tag-roma","15":"product_tag-utazas","17":"first","18":"instock","19":"shipping-taxable","20":"purchasable","21":"product-type-simple"},"_links":{"self":[{"href":"https:\/\/pongrac.hu\/index.php?rest_route=\/wp\/v2\/product\/2428","targetHints":{"allow":["GET"]}}],"collection":[{"href":"https:\/\/pongrac.hu\/index.php?rest_route=\/wp\/v2\/product"}],"about":[{"href":"https:\/\/pongrac.hu\/index.php?rest_route=\/wp\/v2\/types\/product"}],"replies":[{"embeddable":true,"href":"https:\/\/pongrac.hu\/index.php?rest_route=%2Fwp%2Fv2%2Fcomments&post=2428"}],"wp:featuredmedia":[{"embeddable":true,"href":"https:\/\/pongrac.hu\/index.php?rest_route=\/wp\/v2\/media\/2342"}],"wp:attachment":[{"href":"https:\/\/pongrac.hu\/index.php?rest_route=%2Fwp%2Fv2%2Fmedia&parent=2428"}],"wp:term":[{"taxonomy":"product_brand","embeddable":true,"href":"https:\/\/pongrac.hu\/index.php?rest_route=%2Fwp%2Fv2%2Fproduct_brand&post=2428"},{"taxonomy":"product_cat","embeddable":true,"href":"https:\/\/pongrac.hu\/index.php?rest_route=%2Fwp%2Fv2%2Fproduct_cat&post=2428"},{"taxonomy":"product_tag","embeddable":true,"href":"https:\/\/pongrac.hu\/index.php?rest_route=%2Fwp%2Fv2%2Fproduct_tag&post=2428"}],"curies":[{"name":"wp","href":"https:\/\/api.w.org\/{rel}","templated":true}]}}