{"id":2423,"date":"2013-10-01T08:00:06","date_gmt":"2013-10-01T08:00:06","guid":{"rendered":"http:\/\/dev.pongrac.hu\/?post_type=product&#038;p=2423"},"modified":"2025-02-21T17:13:21","modified_gmt":"2025-02-21T16:13:21","slug":"agyag","status":"publish","type":"product","link":"https:\/\/pongrac.hu\/?product=agyag","title":{"rendered":"Agyag"},"content":{"rendered":"<p>Nincsenek sz\u00fclei. Nincsenek bar\u00e1tai. Bek\u00f6lt\u00f6zik Fl\u00fagos Maryhez. Az emberek mindenf\u00e9l\u00e9ket besz\u00e9lnek r\u00f3la. Egy dolog azonban biztos: var\u00e1zslat van azokban a fura szobrokban, amelyeket agyagb\u00f3l k\u00e9sz\u00edt. No \u00e9s Davie meg Geordie? Tarts\u00e1k magukat t\u00e1vol t\u0151le? Vagy ink\u00e1bb bar\u00e1tkozzanak \u00f6ssze vele? Sz\u00f6vets\u00e9ges\u00fck lehet-e vajon az idegen a sz\u00f6rny\u0171 Mouldy meg a haverjai ellen folytatott harcban?<\/p>\n","protected":false},"excerpt":{"rendered":"<p>Idegen \u00e9rkezik a v\u00e1rosba. Stephen Rose-nak h\u00edvj\u00e1k. A b\u0151re ak\u00e1r a viasz, a szaga \u00e9mely\u00edt\u0151, de a tekintete megbabon\u00e1z.<\/p>\n","protected":false},"featured_media":2326,"comment_status":"closed","ping_status":"closed","template":"","meta":[],"product_brand":[],"product_cat":[466],"product_tag":[271,320],"class_list":{"0":"post-2423","1":"product","2":"type-product","3":"status-publish","4":"has-post-thumbnail","6":"authors-david-almond","7":"publisher-pongrac-kiado","8":"product_cat-uncategorized","9":"product_tag-kaland","10":"product_tag-varazslat","12":"first","13":"outofstock","14":"shipping-taxable","15":"purchasable","16":"product-type-simple"},"_links":{"self":[{"href":"https:\/\/pongrac.hu\/index.php?rest_route=\/wp\/v2\/product\/2423","targetHints":{"allow":["GET"]}}],"collection":[{"href":"https:\/\/pongrac.hu\/index.php?rest_route=\/wp\/v2\/product"}],"about":[{"href":"https:\/\/pongrac.hu\/index.php?rest_route=\/wp\/v2\/types\/product"}],"replies":[{"embeddable":true,"href":"https:\/\/pongrac.hu\/index.php?rest_route=%2Fwp%2Fv2%2Fcomments&post=2423"}],"wp:featuredmedia":[{"embeddable":true,"href":"https:\/\/pongrac.hu\/index.php?rest_route=\/wp\/v2\/media\/2326"}],"wp:attachment":[{"href":"https:\/\/pongrac.hu\/index.php?rest_route=%2Fwp%2Fv2%2Fmedia&parent=2423"}],"wp:term":[{"taxonomy":"product_brand","embeddable":true,"href":"https:\/\/pongrac.hu\/index.php?rest_route=%2Fwp%2Fv2%2Fproduct_brand&post=2423"},{"taxonomy":"product_cat","embeddable":true,"href":"https:\/\/pongrac.hu\/index.php?rest_route=%2Fwp%2Fv2%2Fproduct_cat&post=2423"},{"taxonomy":"product_tag","embeddable":true,"href":"https:\/\/pongrac.hu\/index.php?rest_route=%2Fwp%2Fv2%2Fproduct_tag&post=2423"}],"curies":[{"name":"wp","href":"https:\/\/api.w.org\/{rel}","templated":true}]}}