{"id":2416,"date":"2015-09-01T08:00:49","date_gmt":"2015-09-01T08:00:49","guid":{"rendered":"http:\/\/dev.pongrac.hu\/?post_type=product&#038;p=2416"},"modified":"2021-01-21T12:00:37","modified_gmt":"2021-01-21T11:00:37","slug":"a-sarga-kanape-2","status":"publish","type":"product","link":"https:\/\/pongrac.hu\/?product=a-sarga-kanape-2","title":{"rendered":"A s\u00e1rga kanap\u00e9 2."},"content":{"rendered":"<p>Kis\u00f3 \u00e9s \u00c1ron. V\u00e9gre egy\u00fctt. V\u00e9gre minden rendben. Azt\u00e1n (ahogy az lenni szokott) \u00faj ismeretlenek bukkanak fel az egyenletben. Meg r\u00e9gi ismer\u0151s\u00f6k. \u00c9s Kis\u00f3 elbizonytalanodik. Mennyi hazugs\u00e1got, mennyi f\u00e9lre\u00e9rt\u00e9st b\u00edr el egy kapcsolat? \u00c1ron t\u00e9nyleg t\u00f6k\u00e9letes?<\/p>\n","protected":false},"excerpt":{"rendered":"<p>\u00c9s mi van, ha t\u00fal sok minden t\u00f6rt\u00e9nik egyszerre? Ha a vil\u00e1g a feje tetej\u00e9re \u00e1ll? T\u00e9nyleg, mi van akkor?<\/p>\n","protected":false},"featured_media":2332,"comment_status":"closed","ping_status":"closed","template":"","meta":[],"product_brand":[],"product_cat":[466],"product_tag":[294,311,300,312],"class_list":{"0":"post-2416","1":"product","2":"type-product","3":"status-publish","4":"has-post-thumbnail","6":"authors-l-molnar-edit","7":"authors-mendlik-balint","8":"authors-neogrady-kiss-barnabas","9":"publisher-pongrac-kiado","10":"product_cat-uncategorized","11":"product_tag-baratsag","12":"product_tag-ifjusag","13":"product_tag-kamaszkor","14":"product_tag-szerelem","16":"first","17":"instock","18":"shipping-taxable","19":"purchasable","20":"product-type-simple"},"_links":{"self":[{"href":"https:\/\/pongrac.hu\/index.php?rest_route=\/wp\/v2\/product\/2416","targetHints":{"allow":["GET"]}}],"collection":[{"href":"https:\/\/pongrac.hu\/index.php?rest_route=\/wp\/v2\/product"}],"about":[{"href":"https:\/\/pongrac.hu\/index.php?rest_route=\/wp\/v2\/types\/product"}],"replies":[{"embeddable":true,"href":"https:\/\/pongrac.hu\/index.php?rest_route=%2Fwp%2Fv2%2Fcomments&post=2416"}],"wp:featuredmedia":[{"embeddable":true,"href":"https:\/\/pongrac.hu\/index.php?rest_route=\/wp\/v2\/media\/2332"}],"wp:attachment":[{"href":"https:\/\/pongrac.hu\/index.php?rest_route=%2Fwp%2Fv2%2Fmedia&parent=2416"}],"wp:term":[{"taxonomy":"product_brand","embeddable":true,"href":"https:\/\/pongrac.hu\/index.php?rest_route=%2Fwp%2Fv2%2Fproduct_brand&post=2416"},{"taxonomy":"product_cat","embeddable":true,"href":"https:\/\/pongrac.hu\/index.php?rest_route=%2Fwp%2Fv2%2Fproduct_cat&post=2416"},{"taxonomy":"product_tag","embeddable":true,"href":"https:\/\/pongrac.hu\/index.php?rest_route=%2Fwp%2Fv2%2Fproduct_tag&post=2416"}],"curies":[{"name":"wp","href":"https:\/\/api.w.org\/{rel}","templated":true}]}}