{"id":2412,"date":"2011-08-01T08:00:44","date_gmt":"2011-08-01T08:00:44","guid":{"rendered":"http:\/\/dev.pongrac.hu\/?post_type=product&#038;p=2412"},"modified":"2021-01-21T14:00:05","modified_gmt":"2021-01-21T13:00:05","slug":"a-lathatatlanna-valt-kiralyfi","status":"publish","type":"product","link":"https:\/\/pongrac.hu\/?product=a-lathatatlanna-valt-kiralyfi","title":{"rendered":"A l\u00e1thatatlann\u00e1 v\u00e1lt kir\u00e1lyfi"},"content":{"rendered":"<p>Nem k\u00f6nny\u0171 j\u00f3 kir\u00e1lyfinak lenni: el\u0151sz\u00f6r a Pokol ur\u00e1val akasztasz bajszot, azt\u00e1n egy eg\u00e9sz v\u00e1rosnyi perleked\u0151t kell megb\u00e9k\u00edtened, \u00e9s ha ez m\u00e9g nem lenne el\u00e9g, r\u00e1ad\u00e1sul a szomsz\u00e9d kir\u00e1ly is megt\u00e1madja az orsz\u00e1godat. Az m\u00e1r csak hab a mesetort\u00e1n, hogy \u2013 miut\u00e1n Belzebub l\u00e1thatatlann\u00e1 var\u00e1zsolt \u2013 s\u00e1rk\u00e1nyokkal \u00e9s egy sereg \u00f6rd\u00f6gfi\u00f3k\u00e1val is meg kell k\u00fczdened. Szerencs\u00e9re azonban vannak seg\u00edt\u0151id: az \u00f6reg Submuloc, egy t\u00e1ltos \u00e9s \u2013 nem utols\u00f3sorban \u2013 Koma a h\u0171s\u00e9ges eb.<\/p>\n","protected":false},"excerpt":{"rendered":"<p>De minden j\u00f3, ha j\u00f3 a v\u00e9ge: ez a k\u00fcl\u00f6nleges t\u00f6rt\u00e9net- az els\u0151k\u00f6nyves K\u00e1roly Imre toll\u00e1b\u00f3l \u2013 a legnagyszer\u0171bb n\u00e9pmesei hagyom\u00e1nyok el\u0151tt tisztelegve k\u00edn\u00e1l kalandokat \u00e9s persze boldog befejez\u00e9st.<\/p>\n","protected":false},"featured_media":2328,"comment_status":"closed","ping_status":"closed","template":"","meta":[],"product_brand":[],"product_cat":[266],"product_tag":[294,271,288,296,298,295,293,273,297],"class_list":{"0":"post-2412","1":"product","2":"type-product","3":"status-publish","4":"has-post-thumbnail","6":"authors-karoly-imre","7":"authors-nagy-zita","8":"publisher-pongrac-kiado","9":"product_cat-mese","10":"product_tag-baratsag","11":"product_tag-kaland","12":"product_tag-kepzelet","13":"product_tag-kiralyfi","14":"product_tag-mese","15":"product_tag-nepmese","16":"product_tag-pottom","17":"product_tag-sarkany","18":"product_tag-utazas","20":"first","21":"outofstock","22":"shipping-taxable","23":"purchasable","24":"product-type-simple"},"_links":{"self":[{"href":"https:\/\/pongrac.hu\/index.php?rest_route=\/wp\/v2\/product\/2412","targetHints":{"allow":["GET"]}}],"collection":[{"href":"https:\/\/pongrac.hu\/index.php?rest_route=\/wp\/v2\/product"}],"about":[{"href":"https:\/\/pongrac.hu\/index.php?rest_route=\/wp\/v2\/types\/product"}],"replies":[{"embeddable":true,"href":"https:\/\/pongrac.hu\/index.php?rest_route=%2Fwp%2Fv2%2Fcomments&post=2412"}],"wp:featuredmedia":[{"embeddable":true,"href":"https:\/\/pongrac.hu\/index.php?rest_route=\/wp\/v2\/media\/2328"}],"wp:attachment":[{"href":"https:\/\/pongrac.hu\/index.php?rest_route=%2Fwp%2Fv2%2Fmedia&parent=2412"}],"wp:term":[{"taxonomy":"product_brand","embeddable":true,"href":"https:\/\/pongrac.hu\/index.php?rest_route=%2Fwp%2Fv2%2Fproduct_brand&post=2412"},{"taxonomy":"product_cat","embeddable":true,"href":"https:\/\/pongrac.hu\/index.php?rest_route=%2Fwp%2Fv2%2Fproduct_cat&post=2412"},{"taxonomy":"product_tag","embeddable":true,"href":"https:\/\/pongrac.hu\/index.php?rest_route=%2Fwp%2Fv2%2Fproduct_tag&post=2412"}],"curies":[{"name":"wp","href":"https:\/\/api.w.org\/{rel}","templated":true}]}}