{"id":756,"date":"2015-02-16T14:49:21","date_gmt":"2015-02-16T14:49:21","guid":{"rendered":"http:\/\/education.themerex.net\/?page_id=756"},"modified":"2017-11-15T12:20:16","modified_gmt":"2017-11-15T11:20:16","slug":"pongrac-valasztasai","status":"publish","type":"page","link":"https:\/\/pongrac.hu\/?page_id=756","title":{"rendered":"Pongr\u00e1c v\u00e1laszt\u00e1sai"},"content":{"rendered":"<p><div class=\"sc_section bg_tint_light\" data-animation=\"animated fadeInUp normal\" style=\"background-color:#f4f7f9;\"><div class=\"sc_section_overlay\" style=\"\"><div class=\"sc_section_content\"><div class=\"sc_content content_wrap\" style=\"margin-top:2.5em !important;margin-bottom:2.5em !important;\"><h2 class=\"sc_title sc_title_regular sc_align_center\" style=\"margin-top:0px;margin-bottom:0.85em;text-align:center;\">K\u00f6nyv, olvas\u00e1s, \u00e9lm\u00e9ny<\/h2><div class=\"columns_wrap sc_columns columns_nofluid sc_columns_count_2\"><div class=\"column-1_2 sc_column_item sc_column_item_1 odd first\"><div class=\"sc_section\" style=\"font-size:1.25em; line-height: 1.3em;\"><span class=\"sc_icon icon-pen-2 alignleft link_color\" style=\"display:block;margin-right:0.5em;margin-bottom:0.15em;font-size:3.5em; line-height: 1em;\"><\/span>K\u00f6nyvkiad\u00e1s \u2013 mindig igyeksz\u00fcnk k\u00f6r\u00fcltekint\u0151en v\u00e1lasztani. M\u00e1r az indul\u00e1sn\u00e1l letett\u00fck a voksot az \u00e9rt\u00e9kes, valami pluszt is k\u00edn\u00e1l\u00f3 t\u00f6rt\u00e9netek mellett.<br \/>\n<\/div><div class=\"sc_section\" style=\"margin-top:0.5em !important;font-size:1.25em; line-height: 1.3em;\"><span class=\"sc_icon icon-new-2 alignleft link_color\" style=\"display:block;margin-right:0.5em;margin-bottom:0.15em;font-size:3.5em; line-height: 1em;\"><\/span>Olvas\u00e1s \u2013 a legnagyszer\u0171bb kaland, s ezt olvas\u00f3ink, a gyerekek \u00e9s a fiatalok ugyan\u00fagy tudj\u00e1k, mint a sz\u00fcleik, akik megv\u00e1s\u00e1rolj\u00e1k a k\u00f6nyveket.<br \/>\n<\/div><div class=\"sc_section\" style=\"margin-top:1.5em !important;font-size:1.25em; line-height: 1.3em;\"><span class=\"sc_icon icon-lightbulb-2 alignleft link_color\" style=\"display:block;margin-right:0.5em;margin-bottom:0.15em;font-size:3.5em; line-height: 1em;\"><\/span>V\u00e9geredm\u00e9ny \u2013 az olvas\u00e1s k\u00f6zben \u00e1t\u00e9lt \u00e9lm\u00e9ny mellett a t\u00f6rt\u00e9netek konfliktusaib\u00f3l \u00e9s a megold\u00e1sokb\u00f3l is \u00e9p\u00edtkezhet\u00fcnk.<br \/>\n<\/div><\/div><div class=\"column-1_2 sc_column_item sc_column_item_2 even\"><video class=\"sc_video\" src=\"http:\/\/dev.pongrac.hu\/wp-content\/uploads\/2015\/01\/book-pages.mp4\" width=\"596\" height=\"335\" data-width=\"596\" data-height=\"335\" data-ratio=\"16:9\" poster=\"http:\/\/dev.pongrac.hu\/wp-content\/uploads\/2015\/01\/picjumbo.com_HNCK3576.jpg\" data-image=\"http:\/\/dev.pongrac.hu\/wp-content\/uploads\/2015\/01\/picjumbo.com_HNCK3576.jpg\" style=\"width:596px;height:335px;\" autoplay=\"autoplay\" controls=\"controls\" loop=\"loop\"><\/video><\/div><\/div><\/div><\/div><\/div><\/div><div class=\"sc_section\" data-animation=\"animated fadeInUp normal\"><div class=\"sc_content content_wrap\" style=\"margin-top:3em !important;margin-bottom:3em !important;\"><h2 class=\"sc_title sc_title_regular sc_align_center\" style=\"margin-top:0px;margin-bottom:0.85em;text-align:center;\">A t\u00f6rt\u00e9netek benn\u00fcnk laknak.<\/h2><div class=\"sc_team sc_team_style_1\"><div class=\"sc_columns columns_wrap\"><\/div><\/div><\/div><\/div><\/p>\n","protected":false},"excerpt":{"rendered":"","protected":false},"author":1,"featured_media":0,"parent":0,"menu_order":0,"comment_status":"open","ping_status":"open","template":"","meta":{"footnotes":""},"class_list":["post-756","page","type-page","status-publish","hentry"],"_links":{"self":[{"href":"https:\/\/pongrac.hu\/index.php?rest_route=\/wp\/v2\/pages\/756","targetHints":{"allow":["GET"]}}],"collection":[{"href":"https:\/\/pongrac.hu\/index.php?rest_route=\/wp\/v2\/pages"}],"about":[{"href":"https:\/\/pongrac.hu\/index.php?rest_route=\/wp\/v2\/types\/page"}],"author":[{"embeddable":true,"href":"https:\/\/pongrac.hu\/index.php?rest_route=\/wp\/v2\/users\/1"}],"replies":[{"embeddable":true,"href":"https:\/\/pongrac.hu\/index.php?rest_route=%2Fwp%2Fv2%2Fcomments&post=756"}],"version-history":[{"count":23,"href":"https:\/\/pongrac.hu\/index.php?rest_route=\/wp\/v2\/pages\/756\/revisions"}],"predecessor-version":[{"id":2902,"href":"https:\/\/pongrac.hu\/index.php?rest_route=\/wp\/v2\/pages\/756\/revisions\/2902"}],"wp:attachment":[{"href":"https:\/\/pongrac.hu\/index.php?rest_route=%2Fwp%2Fv2%2Fmedia&parent=756"}],"curies":[{"name":"wp","href":"https:\/\/api.w.org\/{rel}","templated":true}]}}