{"id":2585,"date":"2016-12-01T12:18:42","date_gmt":"2016-12-01T11:18:42","guid":{"rendered":"http:\/\/pongrac.hu\/?page_id=2585"},"modified":"2019-10-15T14:22:55","modified_gmt":"2019-10-15T13:22:55","slug":"adatvedelem","status":"publish","type":"page","link":"https:\/\/pongrac.hu\/?page_id=2585","title":{"rendered":"Adatv\u00e9delem"},"content":{"rendered":"<p>Nyilv\u00e1ntart\u00e1sba t\u00f6rt\u00e9n\u0151 bejelentkez\u00e9s<\/p>\n<p>Az adatv\u00e9delmi nyilv\u00e1ntart\u00e1sba t\u00f6rt\u00e9n\u0151 bejelent\u00e9si k\u00f6telezetts\u00e9gnek eleget tett\u00fcnk a\u00a0<a href=\"https:\/\/www.naih.hu\/\"><span class=\"fs24 ff2 cf0\">Nemzeti Adatv\u00e9delmi \u00e9s Inform\u00e1ci\u00f3szabads\u00e1g Hat\u00f3s\u00e1gn\u00e1l.<\/span><\/a><\/p>\n<p>A szolg\u00e1ltat\u00f3 mind a t\u00e1j\u00e9koz\u00f3d\u00e1s, mind a v\u00e1s\u00e1rl\u00e1s tekintet\u00e9ben tiszteletben tartja, biztons\u00e1gosan \u0151rzi \u00e9s bizalmasan kezeli a felhaszn\u00e1l\u00f3k szem\u00e9lyes adatait \u2013 figyelemmel az 1992. \u00e9vi LXIII. adatv\u00e9delemr\u0151l sz\u00f3l\u00f3 t\u00f6rv\u00e9nyre \u2013, azokat illet\u00e9ktelen harmadik szem\u00e9lynek nem adja \u00e1t.<\/p>\n<p>Az adatokat a szolg\u00e1ltat\u00f3 v\u00e9di \u2013 k\u00fcl\u00f6n\u00f6sen a jogosulatlan hozz\u00e1f\u00e9r\u00e9s, nyilv\u00e1noss\u00e1gra hozatal, megv\u00e1ltoztat\u00e1s, t\u00f6rl\u00e9s, megsemmis\u00fcl\u00e9s ellen \u2013 mind a h\u00e1l\u00f3zati kommunik\u00e1ci\u00f3 (teh\u00e1t online adatkezel\u00e9s) sor\u00e1n, mind az adatok t\u00e1rol\u00e1sa, \u0151rz\u00e9se (teh\u00e1t offline adatkezel\u00e9s) sor\u00e1n.<\/p>\n<p>Azonban kiz\u00e1r\u00f3lag arra az esetre, ha a szerz\u0151d\u00e9s teljes\u00edt\u00e9s\u00e9hez a szolg\u00e1ltat\u00f3 harmadik szem\u00e9lyt vesz ig\u00e9nybe, a v\u00e1s\u00e1rl\u00f3 (felhaszn\u00e1l\u00f3) felhatalmazza a szolg\u00e1ltat\u00f3t, hogy ezen harmadik szem\u00e9ly r\u00e9sz\u00e9re, a harmadik szem\u00e9ly \u00e1ltal ell\u00e1tand\u00f3 feladat elv\u00e9gz\u00e9s\u00e9hez sz\u00fcks\u00e9ges adatokat kiadja.<\/p>\n<p>A regisztr\u00e1ci\u00f3n\u00e1l megadott adatokat a szolg\u00e1ltat\u00f3 az al\u00e1bbi c\u00e9lokra haszn\u00e1lja:<\/p>\n<p>\u2022 megrendel\u00e9s teljes\u00edt\u00e9se,<br \/>\n\u2022 a rendel\u00e9ssel kapcsolatos inform\u00e1ci\u00f3k megk\u00fcld\u00e9se,<br \/>\n\u2022 az aktu\u00e1lis aj\u00e1nlatainkr\u00f3l a vev\u0151k h\u00edrlev\u00e9lben t\u00f6rt\u00e9n\u0151 t\u00e1j\u00e9koztat\u00e1sa, am\u00edg ezen szolg\u00e1ltat\u00e1shoz val\u00f3 hozz\u00e1j\u00e1rul\u00e1s\u00e1t a vev\u0151 vissza nem vonja.<\/p>\n<p>A szolg\u00e1ltat\u00f3 rendszere a felhaszn\u00e1l\u00f3k aktivit\u00e1s\u00e1r\u00f3l adatokat gy\u0171jthet (pl. IP-c\u00edm, l\u00e1togat\u00e1s id\u0151tartama stb.), amelyek nem kapcsolhat\u00f3ak \u00f6ssze a felhaszn\u00e1l\u00f3k \u00e1ltal a regisztr\u00e1ci\u00f3kor megadott egy\u00e9b adatokkal, sem m\u00e1s site-ok vagy szolg\u00e1ltat\u00e1sok ig\u00e9nybev\u00e9telekor keletkez\u0151 adatokkal.<\/p>\n<p>Ezen adatokat a szolg\u00e1ltat\u00f3 kiz\u00e1r\u00f3lag jogilag hitelesen indokolt \u00e9s al\u00e1t\u00e1masztott esetben adja \u00e1t a hat\u00f3s\u00e1gok r\u00e9sz\u00e9re.<\/p>\n<p>A v\u00e1s\u00e1rl\u00e1skor a szolg\u00e1ltat\u00f3 adatb\u00e1zis\u00e1ban r\u00f6gz\u00edt\u00e9sre ker\u00fclt adatokat saj\u00e1t bels\u0151 felhaszn\u00e1l\u00e1s\u00e1ra, statisztik\u00e1k k\u00e9sz\u00edt\u00e9se c\u00e9lj\u00e1b\u00f3l elemezheti.<\/p>\n<p>A felhaszn\u00e1l\u00f3 kifejezetten hozz\u00e1j\u00e1rul ahhoz, hogy a szolg\u00e1ltat\u00f3 a szem\u00e9lyes adatait a fent meghat\u00e1rozott c\u00e9lok \u00e9rdek\u00e9ben kezelje, feldolgozza, t\u00e1rolja.<\/p>\n<p>A felhaszn\u00e1l\u00f3 tudom\u00e1sul veszi a t\u00e1j\u00e9koztat\u00e1st, hogy az adatkezel\u00e9shez t\u00f6rt\u00e9n\u0151 hozz\u00e1j\u00e1rul\u00e1s\u00e1t b\u00e1rmikor m\u00f3dos\u00edthatja, illetve visszavonhatja, tov\u00e1bb\u00e1 k\u00e9rheti szem\u00e9lyes adatai helyesb\u00edt\u00e9s\u00e9t, t\u00f6rl\u00e9s\u00e9t.<\/p>\n<p>A szolg\u00e1ltat\u00f3 jogosult a felhaszn\u00e1l\u00f3 r\u00e9sz\u00e9re h\u00edrlevelet vagy egy\u00e9b rekl\u00e1mlevelet k\u00fcldeni, amennyiben a felhaszn\u00e1l\u00f3 a regisztr\u00e1ci\u00f3kor a megfelel\u0151 adatai megad\u00e1s\u00e1val ehhez el\u0151zetesen, egy\u00e9rtelm\u0171en, kifejezetten \u00e9s \u00f6nk\u00e9ntesen hozz\u00e1j\u00e1rult.<\/p>\n<p>A szolg\u00e1ltat\u00f3 nem k\u00f6teles ellen\u0151rizni, hogy a felhaszn\u00e1l\u00f3 \u00e1ltal a regisztr\u00e1ci\u00f3kor, illet\u0151leg egy\u00e9bk\u00e9nt a hozz\u00e1j\u00e1rul\u00e1s megad\u00e1sakor megadott adatok val\u00f3sak-e\/helyt\u00e1ll\u00f3ak-e.<\/p>\n<p>A vev\u0151 az el\u0151z\u0151 pontban hivatkozott hozz\u00e1j\u00e1rul\u00e1s\u00e1t b\u00e1rmikor jogosult visszavonni. Ebben az esetben a szolg\u00e1ltat\u00f3 a visszavon\u00e1st k\u00f6vet\u0151en a felhaszn\u00e1l\u00f3 r\u00e9sz\u00e9re t\u00f6bb h\u00edrlevelet, illet\u0151leg egy\u00e9b rekl\u00e1mlevelet nem k\u00fcld, tov\u00e1bb\u00e1 t\u00f6rli a felhaszn\u00e1l\u00f3 adatait a h\u00edrlev\u00e9lre feliratkozott felhaszn\u00e1l\u00f3k adatai k\u00f6z\u00fcl.<\/p>\n<p>A szolg\u00e1ltat\u00e1s ig\u00e9nybev\u00e9tel\u00e9hez cookie-k enged\u00e9lyez\u00e9se sz\u00fcks\u00e9ges. Amennyiben nem szeretn\u00e9 enged\u00e9lyezi a cookie-k haszn\u00e1lat\u00e1t, letilthatja a b\u00f6ng\u00e9sz\u0151je be\u00e1ll\u00edt\u00e1saiban. Cookie-k tilt\u00e1sa eset\u00e9n a szolg\u00e1ltat\u00e1s bizonyos elemei csak r\u00e9szben vagy egy\u00e1ltal\u00e1n nem haszn\u00e1lhat\u00f3ak.<\/p>\n<p>Kiemelt fontoss\u00e1g\u00fa jogszab\u00e1lyok<\/p>\n<p>1992. \u00e9vi LXIII. t\u00f6rv\u00e9ny a szem\u00e9lyes adatok v\u00e9delm\u00e9r\u0151l \u00e9s a k\u00f6z\u00e9rdek\u0171 adatok nyilv\u00e1noss\u00e1g\u00e1r\u00f3l;<\/p>\n<p>1998. \u00e9vi VI. t\u00f6rv\u00e9ny az egy\u00e9nek v\u00e9delm\u00e9r\u0151l a szem\u00e9lyes adatok g\u00e9pi feldolgoz\u00e1sa sor\u00e1n, Strasbourgban 1981. janu\u00e1r 28. napj\u00e1n kelt egyezm\u00e9ny kihirdet\u00e9s\u00e9r\u0151l;<\/p>\n<p>2001. \u00e9vi CVIII. t\u00f6rv\u00e9ny az elektronikus kereskedelmi szolg\u00e1ltat\u00e1sok, valamint az inform\u00e1ci\u00f3s t\u00e1rsadalommal \u00f6sszef\u00fcgg\u0151 szolg\u00e1ltat\u00e1sok egyes k\u00e9rd\u00e9seir\u0151l.<\/p>\n","protected":false},"excerpt":{"rendered":"<p>Nyilv\u00e1ntart\u00e1sba t\u00f6rt\u00e9n\u0151 bejelentkez\u00e9s Az adatv\u00e9delmi nyilv\u00e1ntart\u00e1sba t\u00f6rt\u00e9n\u0151 bejelent\u00e9si k\u00f6telezetts\u00e9gnek eleget tett\u00fcnk a\u00a0Nemzeti Adatv\u00e9delmi \u00e9s Inform\u00e1ci\u00f3szabads\u00e1g Hat\u00f3s\u00e1gn\u00e1l. A szolg\u00e1ltat\u00f3 mind a t\u00e1j\u00e9koz\u00f3d\u00e1s, mind a v\u00e1s\u00e1rl\u00e1s tekintet\u00e9ben tiszteletben tartja, biztons\u00e1gosan \u0151rzi \u00e9s bizalmasan kezeli a felhaszn\u00e1l\u00f3k szem\u00e9lyes adatait \u2013 figyelemmel az 1992. \u00e9vi LXIII. adatv\u00e9delemr\u0151l sz\u00f3l\u00f3 t\u00f6rv\u00e9nyre \u2013, azokat illet\u00e9ktelen harmadik szem\u00e9lynek nem adja \u00e1t. Az adatokat [&hellip;]<\/p>\n","protected":false},"author":1,"featured_media":0,"parent":0,"menu_order":0,"comment_status":"closed","ping_status":"closed","template":"","meta":{"footnotes":""},"class_list":["post-2585","page","type-page","status-publish","hentry"],"_links":{"self":[{"href":"https:\/\/pongrac.hu\/index.php?rest_route=\/wp\/v2\/pages\/2585","targetHints":{"allow":["GET"]}}],"collection":[{"href":"https:\/\/pongrac.hu\/index.php?rest_route=\/wp\/v2\/pages"}],"about":[{"href":"https:\/\/pongrac.hu\/index.php?rest_route=\/wp\/v2\/types\/page"}],"author":[{"embeddable":true,"href":"https:\/\/pongrac.hu\/index.php?rest_route=\/wp\/v2\/users\/1"}],"replies":[{"embeddable":true,"href":"https:\/\/pongrac.hu\/index.php?rest_route=%2Fwp%2Fv2%2Fcomments&post=2585"}],"version-history":[{"count":3,"href":"https:\/\/pongrac.hu\/index.php?rest_route=\/wp\/v2\/pages\/2585\/revisions"}],"predecessor-version":[{"id":3024,"href":"https:\/\/pongrac.hu\/index.php?rest_route=\/wp\/v2\/pages\/2585\/revisions\/3024"}],"wp:attachment":[{"href":"https:\/\/pongrac.hu\/index.php?rest_route=%2Fwp%2Fv2%2Fmedia&parent=2585"}],"curies":[{"name":"wp","href":"https:\/\/api.w.org\/{rel}","templated":true}]}}

Adatvédelem

<p>Nyilvántartásba történő bejelentkezés</p>
<p>Az adatvédelmi nyilvántartásba történő bejelentési kötelezettségnek eleget tettünk a <a href="https://www.naih.hu/"><span class="fs24 ff2 cf0">Nemzeti Adatvédelmi és Információszabadság Hatóságnál.</span></a></p>
<p>A szolgáltató mind a tájékozódás, mind a vásárlás tekintetében tiszteletben tartja, biztonságosan őrzi és bizalmasan kezeli a felhasználók személyes adatait – figyelemmel az 1992. évi LXIII. adatvédelemről szóló törvényre –, azokat illetéktelen harmadik személynek nem adja át.</p>
<p>Az adatokat a szolgáltató védi – különösen a jogosulatlan hozzáférés, nyilvánosságra hozatal, megváltoztatás, törlés, megsemmisülés ellen – mind a hálózati kommunikáció (tehát online adatkezelés) során, mind az adatok tárolása, őrzése (tehát offline adatkezelés) során.</p>
<p>Azonban kizárólag arra az esetre, ha a szerződés teljesítéséhez a szolgáltató harmadik személyt vesz igénybe, a vásárló (felhasználó) felhatalmazza a szolgáltatót, hogy ezen harmadik személy részére, a harmadik személy által ellátandó feladat elvégzéséhez szükséges adatokat kiadja.</p>
<p>A regisztrációnál megadott adatokat a szolgáltató az alábbi célokra használja:</p>
<p>• megrendelés teljesítése,<br />
• a rendeléssel kapcsolatos információk megküldése,<br />
• az aktuális ajánlatainkról a vevők hírlevélben történő tájékoztatása, amíg ezen szolgáltatáshoz való hozzájárulását a vevő vissza nem vonja.</p>
<p>A szolgáltató rendszere a felhasználók aktivitásáról adatokat gyűjthet (pl. IP-cím, látogatás időtartama stb.), amelyek nem kapcsolhatóak össze a felhasználók által a regisztrációkor megadott egyéb adatokkal, sem más site-ok vagy szolgáltatások igénybevételekor keletkező adatokkal.</p>
<p>Ezen adatokat a szolgáltató kizárólag jogilag hitelesen indokolt és alátámasztott esetben adja át a hatóságok részére.</p>
<p>A vásárláskor a szolgáltató adatbázisában rögzítésre került adatokat saját belső felhasználására, statisztikák készítése céljából elemezheti.</p>
<p>A felhasználó kifejezetten hozzájárul ahhoz, hogy a szolgáltató a személyes adatait a fent meghatározott célok érdekében kezelje, feldolgozza, tárolja.</p>
<p>A felhasználó tudomásul veszi a tájékoztatást, hogy az adatkezeléshez történő hozzájárulását bármikor módosíthatja, illetve visszavonhatja, továbbá kérheti személyes adatai helyesbítését, törlését.</p>
<p>A szolgáltató jogosult a felhasználó részére hírlevelet vagy egyéb reklámlevelet küldeni, amennyiben a felhasználó a regisztrációkor a megfelelő adatai megadásával ehhez előzetesen, egyértelműen, kifejezetten és önkéntesen hozzájárult.</p>
<p>A szolgáltató nem köteles ellenőrizni, hogy a felhasználó által a regisztrációkor, illetőleg egyébként a hozzájárulás megadásakor megadott adatok valósak-e/helytállóak-e.</p>
<p>A vevő az előző pontban hivatkozott hozzájárulását bármikor jogosult visszavonni. Ebben az esetben a szolgáltató a visszavonást követően a felhasználó részére több hírlevelet, illetőleg egyéb reklámlevelet nem küld, továbbá törli a felhasználó adatait a hírlevélre feliratkozott felhasználók adatai közül.</p>
<p>A szolgáltatás igénybevételéhez cookie-k engedélyezése szükséges. Amennyiben nem szeretné engedélyezi a cookie-k használatát, letilthatja a böngészője beállításaiban. Cookie-k tiltása esetén a szolgáltatás bizonyos elemei csak részben vagy egyáltalán nem használhatóak.</p>
<p>Kiemelt fontosságú jogszabályok</p>
<p>1992. évi LXIII. törvény a személyes adatok védelméről és a közérdekű adatok nyilvánosságáról;</p>
<p>1998. évi VI. törvény az egyének védelméről a személyes adatok gépi feldolgozása során, Strasbourgban 1981. január 28. napján kelt egyezmény kihirdetéséről;</p>
<p>2001. évi CVIII. törvény az elektronikus kereskedelmi szolgáltatások, valamint az információs társadalommal összefüggő szolgáltatások egyes kérdéseiről.</p>

<p>Nyilvántartásba történő bejelentkezés Az adatvédelmi nyilvántartásba történő bejelentési kötelezettségnek eleget tettünk a Nemzeti Adatvédelmi és Információszabadság Hatóságnál. A szolgáltató mind a tájékozódás, mind a vásárlás tekintetében tiszteletben tartja, biztonságosan őrzi és bizalmasan kezeli a felhasználók személyes adatait – figyelemmel az 1992. évi LXIII. adatvédelemről szóló törvényre –, azokat illetéktelen harmadik személynek nem adja át. Az adatokat [&hellip;]</p>
